Last updated on 2024-06-29 06:49:52 CEST.
Flavor | Version | Tinstall | Tcheck | Ttotal | Status | Flags |
---|---|---|---|---|---|---|
r-devel-linux-x86_64-debian-clang | 1.0-11 | 4.80 | 160.82 | 165.62 | NOTE | |
r-devel-linux-x86_64-debian-gcc | 1.0-11 | 3.39 | 120.76 | 124.15 | NOTE | |
r-devel-linux-x86_64-fedora-clang | 1.0-11 | 218.92 | NOTE | |||
r-devel-linux-x86_64-fedora-gcc | 1.0-11 | 197.77 | NOTE | |||
r-devel-windows-x86_64 | 1.0-11 | 6.00 | 128.00 | 134.00 | NOTE | |
r-patched-linux-x86_64 | 1.0-11 | 5.91 | 161.08 | 166.99 | NOTE | |
r-release-linux-x86_64 | 1.0-11 | 4.82 | 154.09 | 158.91 | NOTE | |
r-release-macos-arm64 | 1.0-11 | 57.00 | NOTE | |||
r-release-macos-x86_64 | 1.0-11 | 96.00 | NOTE | |||
r-release-windows-x86_64 | 1.0-11 | 6.00 | 128.00 | 134.00 | NOTE | |
r-oldrel-macos-arm64 | 1.0-11 | 52.00 | NOTE | |||
r-oldrel-macos-x86_64 | 1.0-11 | 93.00 | NOTE | |||
r-oldrel-windows-x86_64 | 1.0-11 | 6.00 | 164.00 | 170.00 | NOTE |
Version: 1.0-11
Check: Rd files
Result: NOTE
checkRd: (-1) performance.Rd:35: Escaped LaTeX specials: \#
checkRd: (-1) performance.Rd:36: Escaped LaTeX specials: \# \# \#
checkRd: (-1) performance.Rd:37: Escaped LaTeX specials: \# \#
Flavors: r-devel-linux-x86_64-debian-clang, r-devel-linux-x86_64-debian-gcc, r-devel-linux-x86_64-fedora-clang, r-devel-linux-x86_64-fedora-gcc, r-devel-windows-x86_64, r-patched-linux-x86_64, r-release-linux-x86_64, r-release-macos-arm64, r-release-macos-x86_64, r-release-windows-x86_64, r-oldrel-macos-arm64, r-oldrel-macos-x86_64, r-oldrel-windows-x86_64