Last updated on 2025-07-01 06:50:03 CEST.
Flavor | Version | Tinstall | Tcheck | Ttotal | Status | Flags |
---|---|---|---|---|---|---|
r-devel-linux-x86_64-debian-clang | 1.0-4 | 3.89 | 44.49 | 48.38 | NOTE | |
r-devel-linux-x86_64-debian-gcc | 1.0-4 | 3.52 | 35.22 | 38.74 | NOTE | |
r-devel-linux-x86_64-fedora-clang | 1.0-4 | 76.56 | OK | |||
r-devel-linux-x86_64-fedora-gcc | 1.0-4 | 87.54 | OK | |||
r-devel-windows-x86_64 | 1.0-4 | 6.00 | 79.00 | 85.00 | OK | |
r-patched-linux-x86_64 | OK | |||||
r-release-linux-x86_64 | 1.0-4 | 3.99 | 42.26 | 46.25 | OK | |
r-release-macos-arm64 | 1.0-4 | 39.00 | OK | |||
r-release-macos-x86_64 | 1.0-4 | 88.00 | OK | |||
r-release-windows-x86_64 | 1.0-4 | 7.00 | 74.00 | 81.00 | OK | |
r-oldrel-macos-arm64 | 1.0-4 | 32.00 | OK | |||
r-oldrel-macos-x86_64 | 1.0-4 | 57.00 | OK | |||
r-oldrel-windows-x86_64 | 1.0-4 | 9.00 | 82.00 | 91.00 | OK |
Version: 1.0-4
Check: CRAN incoming feasibility
Result: NOTE
Maintainer: ‘Jan C. Thiele <rnetlogo@gmx.de>’
No Authors@R field in DESCRIPTION.
Please add one, modifying
Authors@R: person(given = c("Jan", "C."),
family = "Thiele",
role = c("aut", "cre"),
email = "rnetlogo@gmx.de")
as necessary.
Package CITATION file contains call(s) to old-style personList() or
as.personList(). Please use c() on person objects instead.
Package CITATION file contains call(s) to old-style citEntry(). Please
use bibentry() instead.
Flavors: r-devel-linux-x86_64-debian-clang, r-devel-linux-x86_64-debian-gcc