Last updated on 2025-05-15 18:50:58 CEST.
Flavor | Version | Tinstall | Tcheck | Ttotal | Status | Flags |
---|---|---|---|---|---|---|
r-devel-linux-x86_64-debian-clang | 1.2.9 | 8.96 | 217.32 | 226.28 | NOTE | |
r-devel-linux-x86_64-debian-gcc | 1.2.9 | 7.75 | 143.11 | 150.86 | NOTE | |
r-devel-linux-x86_64-fedora-clang | 1.2.9 | 358.58 | OK | |||
r-devel-linux-x86_64-fedora-gcc | 1.2.9 | 367.22 | OK | |||
r-devel-windows-x86_64 | 1.2.9 | 12.00 | 206.00 | 218.00 | NOTE | |
r-patched-linux-x86_64 | 1.2.9 | 10.69 | 209.89 | 220.58 | NOTE | |
r-release-linux-x86_64 | 1.2.9 | 9.33 | 208.55 | 217.88 | NOTE | |
r-release-macos-arm64 | 1.2.9 | 109.00 | OK | |||
r-release-macos-x86_64 | 1.2.9 | 267.00 | OK | |||
r-release-windows-x86_64 | 1.2.9 | 12.00 | 202.00 | 214.00 | NOTE | |
r-oldrel-macos-arm64 | 1.2.9 | 90.00 | OK | |||
r-oldrel-macos-x86_64 | 1.2.9 | 156.00 | OK | |||
r-oldrel-windows-x86_64 | 1.2.9 | 15.00 | 289.00 | 304.00 | OK |
Version: 1.2.9
Check: CRAN incoming feasibility
Result: NOTE
Maintainer: ‘Emanuele Cordano <emanuele.cordano@gmail.com>’
No Authors@R field in DESCRIPTION.
Please add one, modifying
Authors@R: person(given = "Emanuele",
family = "Cordano",
role = c("aut", "cre"),
email = "emanuele.cordano@gmail.com")
as necessary.
Package CITATION file contains call(s) to old-style citEntry(). Please
use bibentry() instead.
Flavors: r-devel-linux-x86_64-debian-clang, r-devel-linux-x86_64-debian-gcc
Version: 1.2.9
Check: Rd cross-references
Result: NOTE
Found the following Rd file(s) with Rd \link{} targets missing package
anchors:
CCGammaToBlockmatrix.Rd: blockmatrix
omega.Rd: normalCopula, pcopula
omega_inv.Rd: nearPD, normalCopula, pcopula
omega_root.Rd: normalCopula, pcopula
Please provide package anchors for all Rd \link{} targets not in the
package itself and the base packages.
Flavors: r-devel-linux-x86_64-debian-clang, r-devel-linux-x86_64-debian-gcc, r-devel-windows-x86_64, r-patched-linux-x86_64, r-release-linux-x86_64, r-release-windows-x86_64