Last updated on 2025-11-26 05:51:48 CET.
| Flavor | Version | Tinstall | Tcheck | Ttotal | Status | Flags |
|---|---|---|---|---|---|---|
| r-devel-linux-x86_64-debian-clang | 1.3.2 | 11.19 | 99.01 | 110.20 | ERROR | |
| r-devel-linux-x86_64-debian-gcc | 1.3.2 | 7.35 | 72.27 | 79.62 | ERROR | |
| r-devel-linux-x86_64-fedora-clang | 1.3.2 | 26.00 | 147.35 | 173.35 | ERROR | |
| r-devel-linux-x86_64-fedora-gcc | 1.3.2 | 33.00 | 150.38 | 183.38 | ERROR | |
| r-devel-windows-x86_64 | 1.3.2 | 15.00 | 207.00 | 222.00 | OK | |
| r-patched-linux-x86_64 | 1.3.2 | 11.92 | 216.68 | 228.60 | OK | |
| r-release-linux-x86_64 | 1.3.2 | 10.78 | 219.11 | 229.89 | OK | |
| r-release-macos-arm64 | 1.3.2 | OK | ||||
| r-release-macos-x86_64 | 1.3.2 | 10.00 | 196.00 | 206.00 | OK | |
| r-release-windows-x86_64 | 1.3.2 | 14.00 | 206.00 | 220.00 | OK | |
| r-oldrel-macos-arm64 | 1.3.2 | OK | ||||
| r-oldrel-macos-x86_64 | 1.3.2 | 13.00 | 196.00 | 209.00 | OK | |
| r-oldrel-windows-x86_64 | 1.3.2 | 16.00 | 303.00 | 319.00 | OK |
Version: 1.3.2
Check: re-building of vignette outputs
Result: ERROR
Error(s) in re-building vignettes:
...
--- re-building ‘precipitation_stochastic_generation_v8.Rmd’ using rmarkdown
Quitting from precipitation_stochastic_generation_v8.Rmd:52-63 [unnamed-chunk-3]
~~~~~~~~~~~~~~~~~~~~~~~~~~~~~~~~~~~~~~~~~~~~~~~~~~~~~~~~~~~~~~~~~~~~~~~~~~~~~~~~
<error/rlang_error>
Error in `library()`:
! there is no package called 'mapview'
---
Backtrace:
▆
1. └─base::library(mapview)
~~~~~~~~~~~~~~~~~~~~~~~~~~~~~~~~~~~~~~~~~~~~~~~~~~~~~~~~~~~~~~~~~~~~~~~~~~~~~~~~
Error: processing vignette 'precipitation_stochastic_generation_v8.Rmd' failed with diagnostics:
there is no package called 'mapview'
--- failed re-building ‘precipitation_stochastic_generation_v8.Rmd’
SUMMARY: processing the following file failed:
‘precipitation_stochastic_generation_v8.Rmd’
Error: Vignette re-building failed.
Execution halted
Flavors: r-devel-linux-x86_64-debian-clang, r-devel-linux-x86_64-debian-gcc
Version: 1.3.2
Check: re-building of vignette outputs
Result: ERROR
Error(s) in re-building vignettes:
--- re-building ‘precipitation_stochastic_generation_v8.Rmd’ using rmarkdown
Quitting from precipitation_stochastic_generation_v8.Rmd:52-63 [unnamed-chunk-3]
~~~~~~~~~~~~~~~~~~~~~~~~~~~~~~~~~~~~~~~~~~~~~~~~~~~~~~~~~~~~~~~~~~~~~~~~~~~~~~~~
<error/rlang_error>
Error in `library()`:
! there is no package called 'mapview'
---
Backtrace:
▆
1. └─base::library(mapview)
~~~~~~~~~~~~~~~~~~~~~~~~~~~~~~~~~~~~~~~~~~~~~~~~~~~~~~~~~~~~~~~~~~~~~~~~~~~~~~~~
Error: processing vignette 'precipitation_stochastic_generation_v8.Rmd' failed with diagnostics:
there is no package called 'mapview'
--- failed re-building ‘precipitation_stochastic_generation_v8.Rmd’
SUMMARY: processing the following file failed:
‘precipitation_stochastic_generation_v8.Rmd’
Error: Vignette re-building failed.
Execution halted
Flavors: r-devel-linux-x86_64-fedora-clang, r-devel-linux-x86_64-fedora-gcc