Last updated on 2025-02-05 17:50:06 CET.
Flavor | Version | Tinstall | Tcheck | Ttotal | Status | Flags |
---|---|---|---|---|---|---|
r-devel-linux-x86_64-debian-clang | 1.3.7 | 3.48 | 48.64 | 52.12 | NOTE | |
r-devel-linux-x86_64-debian-gcc | 1.3.7 | 2.68 | 36.03 | 38.71 | NOTE | |
r-devel-linux-x86_64-fedora-clang | 1.3.7 | 84.64 | OK | |||
r-devel-linux-x86_64-fedora-gcc | 1.3.7 | 89.66 | OK | |||
r-devel-windows-x86_64 | 1.3.7 | 5.00 | 72.00 | 77.00 | NOTE | |
r-patched-linux-x86_64 | 1.3.7 | 5.60 | 46.38 | 51.98 | OK | |
r-release-linux-x86_64 | 1.3.7 | 3.25 | 46.51 | 49.76 | OK | |
r-release-macos-arm64 | 1.3.7 | 37.00 | OK | |||
r-release-macos-x86_64 | 1.3.7 | 55.00 | OK | |||
r-release-windows-x86_64 | 1.3.7 | 6.00 | 72.00 | 78.00 | OK | |
r-oldrel-macos-arm64 | 1.3.7 | 36.00 | OK | |||
r-oldrel-macos-x86_64 | 1.3.7 | 52.00 | OK | |||
r-oldrel-windows-x86_64 | 1.3.7 | 6.00 | 83.00 | 89.00 | OK |
Version: 1.3.7
Check: Rd cross-references
Result: NOTE
Found the following Rd file(s) with Rd \link{} targets missing package
anchors:
generate.Rd: varest-class, varest2-class, inv_GPCA,
GPCAvarest2-class, adddate, getVARmodel
Please provide package anchors for all Rd \link{} targets not in the
package itself and the base packages.
Flavors: r-devel-linux-x86_64-debian-clang, r-devel-linux-x86_64-debian-gcc, r-devel-windows-x86_64