Last updated on 2024-06-15 17:57:42 CEST.
Flavor | Version | Tinstall | Tcheck | Ttotal | Status | Flags |
---|---|---|---|---|---|---|
r-devel-linux-x86_64-debian-clang | 1.2.0 | 12.62 | 136.37 | 148.99 | OK | |
r-devel-linux-x86_64-debian-gcc | 1.2.0 | 6.80 | 95.42 | 102.22 | OK | |
r-devel-linux-x86_64-fedora-clang | 1.2.0 | 175.38 | NOTE | |||
r-devel-linux-x86_64-fedora-gcc | 1.2.0 | 184.74 | OK | |||
r-devel-windows-x86_64 | 1.2.0 | 9.00 | 123.00 | 132.00 | NOTE | |
r-patched-linux-x86_64 | 1.2.0 | 11.31 | 133.81 | 145.12 | OK | |
r-release-linux-x86_64 | 1.2.0 | 10.31 | 134.35 | 144.66 | OK | |
r-release-macos-arm64 | 1.2.0 | 56.00 | NOTE | |||
r-release-macos-x86_64 | 1.2.0 | 87.00 | NOTE | |||
r-release-windows-x86_64 | 1.2.0 | 10.00 | 128.00 | 138.00 | NOTE | |
r-oldrel-macos-arm64 | 1.2.0 | 64.00 | NOTE | |||
r-oldrel-macos-x86_64 | 1.2.0 | 100.00 | NOTE | |||
r-oldrel-windows-x86_64 | 1.2.0 | 14.00 | 146.00 | 160.00 | NOTE |
Version: 1.2.0
Check: installed package size
Result: NOTE
installed size is 5.4Mb
sub-directories of 1Mb or more:
data 1.9Mb
doc 1.2Mb
extdata 1.9Mb
Flavors: r-devel-linux-x86_64-fedora-clang, r-devel-windows-x86_64, r-release-macos-arm64, r-release-macos-x86_64, r-release-windows-x86_64, r-oldrel-macos-arm64, r-oldrel-macos-x86_64, r-oldrel-windows-x86_64