CRAN Package Check Results for Package RFormatter

Last updated on 2025-02-10 17:49:21 CET.

Flavor Version Tinstall Tcheck Ttotal Status Flags
r-devel-linux-x86_64-debian-clang 0.1.1 1.68 17.98 19.66 OK
r-devel-linux-x86_64-debian-gcc 0.1.1 1.39 14.81 16.20 OK
r-devel-linux-x86_64-fedora-clang 0.1.1 33.29 OK
r-devel-linux-x86_64-fedora-gcc 0.1.1 29.76 OK
r-devel-windows-x86_64 0.1.1 3.00 39.00 42.00 OK
r-patched-linux-x86_64 0.1.1 1.57 17.31 18.88 NOTE
r-release-linux-x86_64 0.1.1 1.54 17.11 18.65 NOTE
r-release-macos-arm64 0.1.1 15.00 NOTE
r-release-macos-x86_64 0.1.1 21.00 NOTE
r-release-windows-x86_64 0.1.1 3.00 39.00 42.00 NOTE
r-oldrel-macos-arm64 0.1.1 14.00 NOTE
r-oldrel-macos-x86_64 0.1.1 20.00 NOTE
r-oldrel-windows-x86_64 0.1.1 3.00 43.00 46.00 NOTE

Check Details

Version: 0.1.1
Check: LazyData
Result: NOTE 'LazyData' is specified without a 'data' directory Flavors: r-patched-linux-x86_64, r-release-linux-x86_64, r-release-macos-arm64, r-release-macos-x86_64, r-release-windows-x86_64, r-oldrel-macos-arm64, r-oldrel-macos-x86_64, r-oldrel-windows-x86_64