Last updated on 2025-11-04 06:49:48 CET.
| Flavor | Version | Tinstall | Tcheck | Ttotal | Status | Flags | 
|---|---|---|---|---|---|---|
| r-devel-linux-x86_64-debian-clang | 1.8-2 | 165.05 | 225.96 | 391.01 | OK | |
| r-devel-linux-x86_64-debian-gcc | 1.8-2 | 150.81 | 170.88 | 321.69 | OK | |
| r-devel-linux-x86_64-fedora-clang | 1.8-2 | 325.00 | 293.82 | 618.82 | OK | |
| r-devel-linux-x86_64-fedora-gcc | 1.8-2 | 348.00 | 347.05 | 695.05 | OK | |
| r-devel-windows-x86_64 | 1.8-2 | 182.00 | 264.00 | 446.00 | OK | |
| r-patched-linux-x86_64 | 1.8-2 | 191.04 | 229.17 | 420.21 | OK | |
| r-release-linux-x86_64 | 1.8-2 | 209.42 | 231.43 | 440.85 | OK | |
| r-release-macos-arm64 | 1.8-2 | 80.00 | 75.00 | 155.00 | OK | |
| r-release-macos-x86_64 | 1.8-2 | 173.00 | 204.00 | 377.00 | OK | |
| r-release-windows-x86_64 | 1.8-2 | 172.00 | 253.00 | 425.00 | OK | |
| r-oldrel-macos-arm64 | 1.8-2 | 85.00 | 88.00 | 173.00 | NOTE | |
| r-oldrel-macos-x86_64 | 1.8-2 | 172.00 | 182.00 | 354.00 | NOTE | |
| r-oldrel-windows-x86_64 | 1.8-2 | 218.00 | 337.00 | 555.00 | NOTE | 
Version: 1.8-2
Check: installed package size
Result: NOTE
    installed size is 65.2Mb
    sub-directories of 1Mb or more:
      libs  63.9Mb
Flavors: r-oldrel-macos-arm64, r-oldrel-macos-x86_64
Version: 1.8-2
Check: for GNU extensions in Makefiles
Result: NOTE
  GNU make is a SystemRequirements.
Flavors: r-oldrel-macos-arm64, r-oldrel-macos-x86_64, r-oldrel-windows-x86_64