Last updated on 2025-06-30 18:49:49 CEST.
Flavor | Version | Tinstall | Tcheck | Ttotal | Status | Flags |
---|---|---|---|---|---|---|
r-devel-linux-x86_64-debian-clang | 0.1.0 | 16.49 | 530.95 | 547.44 | OK | |
r-devel-linux-x86_64-debian-gcc | 0.1.0 | 13.50 | 333.95 | 347.45 | OK | |
r-devel-linux-x86_64-fedora-clang | 0.1.0 | 831.29 | OK | |||
r-devel-linux-x86_64-fedora-gcc | 0.1.0 | 865.98 | OK | |||
r-devel-windows-x86_64 | 0.1.0 | 19.00 | 439.00 | 458.00 | OK | |
r-patched-linux-x86_64 | OK | |||||
r-release-linux-x86_64 | 0.1.0 | 15.79 | 509.32 | 525.11 | OK | |
r-release-macos-arm64 | 0.1.0 | 180.00 | OK | |||
r-release-macos-x86_64 | 0.1.0 | 277.00 | WARN | |||
r-release-windows-x86_64 | 0.1.0 | 18.00 | 453.00 | 471.00 | OK | |
r-oldrel-macos-arm64 | 0.1.0 | 199.00 | OK | |||
r-oldrel-macos-x86_64 | 0.1.0 | 317.00 | OK | |||
r-oldrel-windows-x86_64 | 0.1.0 | 24.00 | 590.00 | 614.00 | OK |
Version: 0.1.0
Check: Rd files
Result: WARN
cannot open the connection
Error writing to connection: No space left on device
Error writing to connection: No space left on device
Warning in for (block in blocks) { : closing unused connection 4 ()
Warning in for (block in blocks) { : closing unused connection 3 ()
cannot open the connection
cannot open the connection
problems found in ‘combined_prob.Rd’, ‘plot_direction.Rd’, ‘plot_sim.Rd’, ‘plot_velocity.Rd’, ‘test_velocity.Rd’
Flavor: r-release-macos-x86_64