CRAN Package Check Results for Package PracTools

Last updated on 2025-06-30 18:49:48 CEST.

Flavor Version Tinstall Tcheck Ttotal Status Flags
r-devel-linux-x86_64-debian-clang 1.6.1 13.43 133.72 147.15 OK
r-devel-linux-x86_64-debian-gcc 1.6.1 7.94 94.28 102.22 OK
r-devel-linux-x86_64-fedora-clang 1.6.1 246.26 OK
r-devel-linux-x86_64-fedora-gcc 1.6.1 261.71 OK
r-devel-windows-x86_64 1.6.1 15.00 180.00 195.00 OK
r-patched-linux-x86_64 OK
r-release-linux-x86_64 1.6.1 12.82 127.82 140.64 OK
r-release-macos-arm64 1.6.1 76.00 OK
r-release-macos-x86_64 1.6.1 151.00 OK
r-release-windows-x86_64 1.6.1 16.00 183.00 199.00 OK
r-oldrel-macos-arm64 1.6.1 77.00 NOTE
r-oldrel-macos-x86_64 1.6.1 185.00 NOTE
r-oldrel-windows-x86_64 1.6.1 19.00 203.00 222.00 OK

Check Details

Version: 1.6.1
Check: installed package size
Result: NOTE installed size is 5.7Mb sub-directories of 1Mb or more: data 4.1Mb doc 1.1Mb Flavors: r-oldrel-macos-arm64, r-oldrel-macos-x86_64