Last updated on 2025-11-25 17:50:00 CET.
| Flavor | Version | Tinstall | Tcheck | Ttotal | Status | Flags |
|---|---|---|---|---|---|---|
| r-devel-linux-x86_64-debian-clang | 1.3.3 | 6.77 | 53.44 | 60.21 | NOTE | |
| r-devel-linux-x86_64-debian-gcc | 1.3.3 | 4.63 | 41.50 | 46.13 | NOTE | |
| r-devel-linux-x86_64-fedora-clang | 1.3.3 | 13.00 | 78.93 | 91.93 | OK | |
| r-devel-linux-x86_64-fedora-gcc | 1.3.3 | 13.00 | 73.19 | 86.19 | OK | |
| r-devel-windows-x86_64 | 1.3.3 | 9.00 | 63.00 | 72.00 | OK | |
| r-patched-linux-x86_64 | 1.3.3 | 6.12 | 51.72 | 57.84 | OK | |
| r-release-linux-x86_64 | 1.3.3 | 5.69 | 52.66 | 58.35 | OK | |
| r-release-macos-arm64 | 1.3.3 | OK | ||||
| r-release-macos-x86_64 | 1.3.3 | 6.00 | 47.00 | 53.00 | OK | |
| r-release-windows-x86_64 | 1.3.3 | 7.00 | 81.00 | 88.00 | OK | |
| r-oldrel-macos-arm64 | 1.3.3 | OK | ||||
| r-oldrel-macos-x86_64 | 1.3.3 | 4.00 | 38.00 | 42.00 | OK | |
| r-oldrel-windows-x86_64 | 1.3.3 | 9.00 | 74.00 | 83.00 | OK |
Version: 1.3.3
Check: CRAN incoming feasibility
Result: NOTE
Maintainer: ‘Ran Gao <rgao8@uic.edu>’
No Authors@R field in DESCRIPTION.
Please add one, modifying
Authors@R: c(person(given = "Anup",
family = "Amatya",
role = "aut"),
person(given = "Hakan",
family = "Demirtas",
role = "aut"),
person(given = "Ran",
family = "Gao",
role = c("aut", "cre"),
email = "rgao8@uic.edu"))
as necessary.
Flavors: r-devel-linux-x86_64-debian-clang, r-devel-linux-x86_64-debian-gcc