Last updated on 2025-11-04 13:50:22 CET.
| Flavor | Version | Tinstall | Tcheck | Ttotal | Status | Flags |
|---|---|---|---|---|---|---|
| r-devel-linux-x86_64-debian-clang | 3.6.0 | 40.89 | 241.89 | 282.78 | NOTE | |
| r-devel-linux-x86_64-debian-gcc | 3.6.0 | 26.93 | 160.48 | 187.41 | NOTE | |
| r-devel-linux-x86_64-fedora-clang | 3.6.0 | 199.00 | 273.94 | 472.94 | NOTE | |
| r-devel-linux-x86_64-fedora-gcc | 3.6.0 | 141.00 | 303.23 | 444.23 | NOTE | |
| r-devel-windows-x86_64 | 3.6.0 | 37.00 | 258.00 | 295.00 | NOTE | |
| r-patched-linux-x86_64 | 3.6.0 | 34.84 | 221.74 | 256.58 | NOTE | |
| r-release-linux-x86_64 | 3.6.0 | 0.35 | 2.11 | 2.46 | ERROR | |
| r-release-macos-arm64 | 3.6.0 | 15.00 | 97.00 | 112.00 | NOTE | |
| r-release-macos-x86_64 | 3.6.0 | 35.00 | 196.00 | 231.00 | NOTE | |
| r-release-windows-x86_64 | 3.6.0 | 36.00 | 244.00 | 280.00 | NOTE | |
| r-oldrel-macos-arm64 | 3.6.0 | 16.00 | 90.00 | 106.00 | OK | |
| r-oldrel-macos-x86_64 | 3.6.0 | 35.00 | 186.00 | 221.00 | OK | |
| r-oldrel-windows-x86_64 | 3.6.0 | 56.00 | 334.00 | 390.00 | OK |
Version: 3.6.0
Check: DESCRIPTION meta-information
Result: NOTE
Missing dependency on R >= 4.1.0 because package code uses the pipe
|> or function shorthand \(...) syntax added in R 4.1.0.
File(s) using such syntax:
‘VDJ_build.R’
Flavors: r-devel-linux-x86_64-debian-clang, r-devel-linux-x86_64-debian-gcc, r-devel-linux-x86_64-fedora-clang, r-devel-linux-x86_64-fedora-gcc, r-devel-windows-x86_64, r-patched-linux-x86_64, r-release-macos-arm64, r-release-macos-x86_64, r-release-windows-x86_64
Version: 3.6.0
Check: package dependencies
Result: ERROR
Package required but not available: ‘ggtree’
See section ‘The DESCRIPTION file’ in the ‘Writing R Extensions’
manual.
Flavor: r-release-linux-x86_64