Last updated on 2025-02-05 17:50:04 CET.
Flavor | Version | Tinstall | Tcheck | Ttotal | Status | Flags |
---|---|---|---|---|---|---|
r-devel-linux-x86_64-debian-clang | 1.2.5 | 5.39 | 45.97 | 51.36 | OK | |
r-devel-linux-x86_64-debian-gcc | 1.2.5 | 3.89 | 36.43 | 40.32 | OK | |
r-devel-linux-x86_64-fedora-clang | 1.2.5 | 82.41 | NOTE | |||
r-devel-linux-x86_64-fedora-gcc | 1.2.5 | 79.72 | NOTE | |||
r-devel-windows-x86_64 | 1.2.5 | 8.00 | 63.00 | 71.00 | OK | |
r-patched-linux-x86_64 | 1.2.5 | 5.35 | 43.32 | 48.67 | OK | |
r-release-linux-x86_64 | 1.2.5 | 4.83 | 43.37 | 48.20 | OK | |
r-release-macos-arm64 | 1.2.5 | 25.00 | OK | |||
r-release-macos-x86_64 | 1.2.5 | 38.00 | OK | |||
r-release-windows-x86_64 | 1.2.5 | 7.00 | 61.00 | 68.00 | OK | |
r-oldrel-macos-arm64 | 1.2.5 | 26.00 | OK | |||
r-oldrel-macos-x86_64 | 1.2.5 | 42.00 | OK | |||
r-oldrel-windows-x86_64 | 1.2.5 | 8.00 | 70.00 | 78.00 | OK |
Version: 1.2.5
Check: compiled code
Result: NOTE
File ‘PerfMeas/libs/PerfMeas.so’:
Found no calls to: ‘R_registerRoutines’, ‘R_useDynamicSymbols’
It is good practice to register native routines and to disable symbol
search.
See ‘Writing portable packages’ in the ‘Writing R Extensions’ manual.
Flavors: r-devel-linux-x86_64-fedora-clang, r-devel-linux-x86_64-fedora-gcc