Last updated on 2025-11-04 13:50:21 CET.
| Flavor | Version | Tinstall | Tcheck | Ttotal | Status | Flags |
|---|---|---|---|---|---|---|
| r-devel-linux-x86_64-debian-clang | 1.2.6 | 10.33 | 153.00 | 163.33 | NOTE | |
| r-devel-linux-x86_64-debian-gcc | 1.2.6 | 6.35 | 115.26 | 121.61 | NOTE | |
| r-devel-linux-x86_64-fedora-clang | 1.2.6 | 23.00 | 211.18 | 234.18 | OK | |
| r-devel-linux-x86_64-fedora-gcc | 1.2.6 | 21.00 | 221.28 | 242.28 | OK | |
| r-devel-windows-x86_64 | 1.2.6 | 10.00 | 139.00 | 149.00 | OK | |
| r-patched-linux-x86_64 | 1.2.6 | 8.59 | 147.70 | 156.29 | OK | |
| r-release-linux-x86_64 | 1.2.6 | 8.72 | 144.80 | 153.52 | OK | |
| r-release-macos-arm64 | 1.2.6 | 3.00 | 64.00 | 67.00 | OK | |
| r-release-macos-x86_64 | 1.2.6 | 6.00 | 123.00 | 129.00 | OK | |
| r-release-windows-x86_64 | 1.2.6 | 13.00 | 138.00 | 151.00 | OK | |
| r-oldrel-macos-arm64 | 1.2.6 | 4.00 | 61.00 | 65.00 | OK | |
| r-oldrel-macos-x86_64 | 1.2.6 | 5.00 | 92.00 | 97.00 | OK | |
| r-oldrel-windows-x86_64 | 1.2.6 | 14.00 | 184.00 | 198.00 | OK |
Version: 1.2.6
Check: CRAN incoming feasibility
Result: NOTE
Maintainer: ‘Samuel Wilson <samwilson303@gmail.com>’
The Description field contains
al. <arXiv:1206.2944>. The package allows the user to run scoring
Please refer to arXiv e-prints via their arXiv DOI <doi:10.48550/arXiv.YYMM.NNNNN>.
Flavors: r-devel-linux-x86_64-debian-clang, r-devel-linux-x86_64-debian-gcc