Last updated on 2024-06-29 06:49:50 CEST.
Flavor | Version | Tinstall | Tcheck | Ttotal | Status | Flags |
---|---|---|---|---|---|---|
r-devel-linux-x86_64-debian-clang | 3.2.5 | 230.50 | 127.30 | 357.80 | OK | |
r-devel-linux-x86_64-debian-gcc | 3.2.5 | 172.14 | 101.07 | 273.21 | OK | |
r-devel-linux-x86_64-fedora-clang | 3.2.5 | 465.13 | OK | |||
r-devel-linux-x86_64-fedora-gcc | 3.2.5 | 563.75 | OK | |||
r-devel-windows-x86_64 | 3.2.5 | 168.00 | 134.00 | 302.00 | OK | |
r-patched-linux-x86_64 | 3.2.5 | 200.17 | 130.96 | 331.13 | OK | |
r-release-linux-x86_64 | 3.2.5 | 206.82 | 128.26 | 335.08 | OK | |
r-release-macos-arm64 | 3.2.5 | 122.00 | NOTE | |||
r-release-macos-x86_64 | 3.2.5 | 130.00 | NOTE | |||
r-release-windows-x86_64 | 3.2.5 | 166.00 | 137.00 | 303.00 | OK | |
r-oldrel-macos-arm64 | 3.2.5 | 165.00 | NOTE | |||
r-oldrel-macos-x86_64 | 3.2.5 | 166.00 | NOTE | |||
r-oldrel-windows-x86_64 | 3.2.5 | 202.00 | 164.00 | 366.00 | OK |
Version: 3.2.5
Check: installed package size
Result: NOTE
installed size is 40.9Mb
sub-directories of 1Mb or more:
libs 40.4Mb
Flavors: r-release-macos-arm64, r-release-macos-x86_64, r-oldrel-macos-arm64, r-oldrel-macos-x86_64