Last updated on 2025-11-04 13:50:22 CET.
| Flavor | Version | Tinstall | Tcheck | Ttotal | Status | Flags |
|---|---|---|---|---|---|---|
| r-devel-linux-x86_64-debian-clang | 2.1.8 | 36.01 | 211.15 | 247.16 | OK | |
| r-devel-linux-x86_64-debian-gcc | 2.1.8 | 28.97 | 139.36 | 168.33 | OK | |
| r-devel-linux-x86_64-fedora-clang | 2.1.8 | 176.00 | 233.92 | 409.92 | OK | |
| r-devel-linux-x86_64-fedora-gcc | 2.1.8 | 120.00 | 286.16 | 406.16 | OK | |
| r-devel-windows-x86_64 | 2.1.8 | 42.00 | 207.00 | 249.00 | OK | |
| r-patched-linux-x86_64 | 2.1.8 | 38.78 | 199.88 | 238.66 | OK | |
| r-release-linux-x86_64 | 2.1.8 | 37.63 | 192.84 | 230.47 | OK | |
| r-release-macos-arm64 | 2.1.8 | 17.00 | 89.00 | 106.00 | OK | |
| r-release-macos-x86_64 | 2.1.8 | 34.00 | 173.00 | 207.00 | OK | |
| r-release-windows-x86_64 | 2.1.8 | 39.00 | 199.00 | 238.00 | OK | |
| r-oldrel-macos-arm64 | 2.1.8 | 19.00 | 93.00 | 112.00 | NOTE | |
| r-oldrel-macos-x86_64 | 2.1.8 | 43.00 | 190.00 | 233.00 | NOTE | |
| r-oldrel-windows-x86_64 | 2.1.8 | 51.00 | 277.00 | 328.00 | OK |
Version: 2.1.8
Check: installed package size
Result: NOTE
installed size is 8.3Mb
sub-directories of 1Mb or more:
libs 7.1Mb
Flavors: r-oldrel-macos-arm64, r-oldrel-macos-x86_64