CRAN Package Check Results for Package PCFAM

Last updated on 2025-05-15 06:50:23 CEST.

Flavor Version Tinstall Tcheck Ttotal Status Flags
r-devel-linux-x86_64-debian-clang 1.0 2.12 21.80 23.92 NOTE
r-devel-linux-x86_64-debian-gcc 1.0 1.60 17.87 19.47 NOTE
r-devel-linux-x86_64-fedora-clang 1.0 39.64 OK
r-devel-linux-x86_64-fedora-gcc 1.0 48.92 OK
r-devel-windows-x86_64 1.0 3.00 51.00 54.00 OK
r-patched-linux-x86_64 1.0 2.13 21.04 23.17 OK
r-release-linux-x86_64 1.0 1.91 20.96 22.87 OK
r-release-macos-arm64 1.0 OK
r-release-macos-x86_64 1.0 41.00 OK
r-release-windows-x86_64 1.0 4.00 50.00 54.00 OK
r-oldrel-macos-arm64 1.0 21.00 OK
r-oldrel-macos-x86_64 1.0 30.00 OK
r-oldrel-windows-x86_64 1.0 3.00 49.00 52.00 OK

Check Details

Version: 1.0
Check: CRAN incoming feasibility
Result: NOTE Maintainer: ‘Yi-Hui Zhou <yihui_zhou@ncsu.edu>’ No Authors@R field in DESCRIPTION. Please add one, modifying Authors@R: person(given = "Yi-Hui", family = "Zhou", role = c("aut", "cre"), email = "yihui_zhou@ncsu.edu") as necessary. Flavors: r-devel-linux-x86_64-debian-clang, r-devel-linux-x86_64-debian-gcc