Last updated on 2025-11-04 06:49:45 CET.
| Flavor | Version | Tinstall | Tcheck | Ttotal | Status | Flags | 
|---|---|---|---|---|---|---|
| r-devel-linux-x86_64-debian-clang | 1.0.2 | 13.14 | 95.32 | 108.46 | NOTE | |
| r-devel-linux-x86_64-debian-gcc | 1.0.2 | 10.81 | 73.55 | 84.36 | NOTE | |
| r-devel-linux-x86_64-fedora-clang | 1.0.2 | 33.00 | 142.17 | 175.17 | NOTE | |
| r-devel-linux-x86_64-fedora-gcc | 1.0.2 | 32.00 | 123.99 | 155.99 | NOTE | |
| r-devel-windows-x86_64 | 1.0.2 | 15.00 | 94.00 | 109.00 | NOTE | |
| r-patched-linux-x86_64 | 1.0.2 | 13.29 | 81.83 | 95.12 | NOTE | |
| r-release-linux-x86_64 | 1.0.2 | 11.48 | 82.60 | 94.08 | NOTE | |
| r-release-macos-arm64 | 1.0.2 | 6.00 | 39.00 | 45.00 | NOTE | |
| r-release-macos-x86_64 | 1.0.2 | 13.00 | 71.00 | 84.00 | NOTE | |
| r-release-windows-x86_64 | 1.0.2 | 15.00 | 88.00 | 103.00 | NOTE | |
| r-oldrel-macos-arm64 | 1.0.2 | 8.00 | 44.00 | 52.00 | NOTE | |
| r-oldrel-macos-x86_64 | 1.0.2 | 14.00 | 75.00 | 89.00 | NOTE | |
| r-oldrel-windows-x86_64 | 1.0.2 | 21.00 | 118.00 | 139.00 | NOTE | 
Version: 1.0.2
Check: DESCRIPTION meta-information
Result: NOTE
    Missing dependency on R >= 4.1.0 because package code uses the pipe
    |> or function shorthand \(...) syntax added in R 4.1.0.
    File(s) using such syntax:
      ‘app_server.R’
Flavors: r-devel-linux-x86_64-debian-clang, r-devel-linux-x86_64-debian-gcc, r-devel-linux-x86_64-fedora-clang, r-devel-linux-x86_64-fedora-gcc, r-devel-windows-x86_64, r-patched-linux-x86_64, r-release-linux-x86_64, r-release-macos-arm64, r-release-macos-x86_64, r-release-windows-x86_64
Version: 1.0.2
Check: installed package size
Result: NOTE
    installed size is  6.0Mb
    sub-directories of 1Mb or more:
      data   5.6Mb
Flavors: r-oldrel-macos-arm64, r-oldrel-macos-x86_64, r-oldrel-windows-x86_64