CRAN Package Check Results for Package OPI

Last updated on 2025-11-04 13:50:21 CET.

Flavor Version Tinstall Tcheck Ttotal Status Flags
r-devel-linux-x86_64-debian-clang 3.0.5 6.56 63.70 70.26 OK
r-devel-linux-x86_64-debian-gcc 3.0.5 4.95 45.39 50.34 OK
r-devel-linux-x86_64-fedora-clang 3.0.5 15.00 96.30 111.30 OK
r-devel-linux-x86_64-fedora-gcc 3.0.5 14.00 88.68 102.68 ERROR
r-devel-windows-x86_64 3.0.5 10.00 97.00 107.00 OK
r-patched-linux-x86_64 3.0.5 8.72 59.90 68.62 OK
r-release-linux-x86_64 3.0.5 6.03 60.04 66.07 OK
r-release-macos-arm64 3.0.5 3.00 28.00 31.00 OK
r-release-macos-x86_64 3.0.5 8.00 61.00 69.00 OK
r-release-windows-x86_64 3.0.5 8.00 92.00 100.00 OK
r-oldrel-macos-arm64 3.0.5 3.00 33.00 36.00 OK
r-oldrel-macos-x86_64 3.0.5 11.00 59.00 70.00 OK
r-oldrel-windows-x86_64 3.0.5 12.00 109.00 121.00 OK

Check Details

Version: 3.0.5
Check: tests
Result: ERROR Running ‘testthat.R’ Running the tests in ‘tests/testthat.R’ failed. Complete output: > # This file is part of the standard setup for testthat. > # It is recommended that you do not modify it. > # > # Where should you do additional test configuration? > # Learn more about the roles of various files in: > # * https://r-pkgs.org/testing-design.html#sec-tests-files-overview > # * https://testthat.r-lib.org/articles/special-files.html > > library(testthat) > library(OPI) > > test_check("OPI") Defined constants ----------------- [ FAIL 1 | WARN 0 | SKIP 0 | PASS 83 ] ══ Failed tests ════════════════════════════════════════════════════════════════ ── Failure ('test-opiPresent.r:26:9'): Sims ──────────────────────────────────── SimHensonRT is not TRUE `actual`: FALSE `expected`: TRUE [ FAIL 1 | WARN 0 | SKIP 0 | PASS 83 ] Error: Test failures Execution halted Flavor: r-devel-linux-x86_64-fedora-gcc