CRAN Package Check Results for Package OGI

Last updated on 2025-02-05 17:50:03 CET.

Flavor Version Tinstall Tcheck Ttotal Status Flags
r-devel-linux-x86_64-debian-clang 1.0.0 1.74 19.64 21.38 OK
r-devel-linux-x86_64-debian-gcc 1.0.0 1.36 16.04 17.40 OK
r-devel-linux-x86_64-fedora-clang 1.0.0 36.76 NOTE
r-devel-linux-x86_64-fedora-gcc 1.0.0 33.09 NOTE
r-devel-windows-x86_64 1.0.0 3.00 42.00 45.00 OK
r-patched-linux-x86_64 1.0.0 1.79 18.93 20.72 NOTE
r-release-linux-x86_64 1.0.0 1.68 18.99 20.67 NOTE
r-release-macos-arm64 1.0.0 16.00 NOTE
r-release-macos-x86_64 1.0.0 21.00 NOTE
r-release-windows-x86_64 1.0.0 3.00 42.00 45.00 NOTE
r-oldrel-macos-arm64 1.0.0 15.00 NOTE
r-oldrel-macos-x86_64 1.0.0 19.00 NOTE
r-oldrel-windows-x86_64 1.0.0 4.00 43.00 47.00 NOTE

Check Details

Version: 1.0.0
Check: dependencies in R code
Result: NOTE Namespace in Imports field not imported from: ‘methods’ All declared Imports should be used. Flavors: r-devel-linux-x86_64-fedora-clang, r-devel-linux-x86_64-fedora-gcc

Version: 1.0.0
Check: LazyData
Result: NOTE 'LazyData' is specified without a 'data' directory Flavors: r-patched-linux-x86_64, r-release-linux-x86_64, r-release-macos-arm64, r-release-macos-x86_64, r-release-windows-x86_64, r-oldrel-macos-arm64, r-oldrel-macos-x86_64, r-oldrel-windows-x86_64