Last updated on 2024-06-29 06:49:48 CEST.
Flavor | Version | Tinstall | Tcheck | Ttotal | Status | Flags |
---|---|---|---|---|---|---|
r-devel-linux-x86_64-debian-clang | 1.9.7 | 545.12 | 122.25 | 667.37 | OK | |
r-devel-linux-x86_64-debian-gcc | 1.9.7 | 334.51 | 92.97 | 427.48 | OK | |
r-devel-linux-x86_64-fedora-clang | 1.9.7 | 1202.01 | NOTE | |||
r-devel-linux-x86_64-fedora-gcc | 1.9.7 | 967.83 | OK | |||
r-devel-windows-x86_64 | 1.9.7 | 405.00 | 122.00 | 527.00 | NOTE | |
r-patched-linux-x86_64 | 1.9.7 | 432.46 | 116.04 | 548.50 | OK | |
r-release-linux-x86_64 | 1.9.7 | 444.79 | 116.99 | 561.78 | OK | |
r-release-macos-arm64 | 1.9.7 | 196.00 | NOTE | |||
r-release-macos-x86_64 | 1.9.7 | 149.00 | NOTE | |||
r-release-windows-x86_64 | 1.9.7 | 401.00 | 117.00 | 518.00 | NOTE | |
r-oldrel-macos-arm64 | 1.9.7 | 176.00 | NOTE | |||
r-oldrel-macos-x86_64 | 1.9.7 | 190.00 | NOTE | |||
r-oldrel-windows-x86_64 | 1.9.7 | 388.00 | 140.00 | 528.00 | NOTE |
Version: 1.9.7
Check: installed package size
Result: NOTE
installed size is 6.5Mb
sub-directories of 1Mb or more:
doc 5.3Mb
Flavors: r-devel-linux-x86_64-fedora-clang, r-devel-windows-x86_64, r-release-macos-arm64, r-release-macos-x86_64, r-release-windows-x86_64, r-oldrel-macos-arm64, r-oldrel-macos-x86_64, r-oldrel-windows-x86_64