CRAN Package Check Results for Package NMsim

Last updated on 2025-02-05 17:50:03 CET.

Flavor Version Tinstall Tcheck Ttotal Status Flags
r-devel-linux-x86_64-debian-clang 0.1.5 8.34 58.58 66.92 ERROR
r-devel-linux-x86_64-debian-gcc 0.1.5 5.00 40.04 45.04 ERROR
r-devel-linux-x86_64-fedora-clang 0.1.6 125.54 OK
r-devel-linux-x86_64-fedora-gcc 0.1.5 102.98 ERROR
r-devel-windows-x86_64 0.1.5 9.00 77.00 86.00 ERROR
r-patched-linux-x86_64 0.1.5 8.51 53.25 61.76 ERROR
r-release-linux-x86_64 0.1.5 7.31 53.29 60.60 ERROR
r-release-macos-arm64 0.1.5 198.00 NOTE
r-release-macos-x86_64 0.1.6 100.00 NOTE
r-release-windows-x86_64 0.1.5 9.00 75.00 84.00 ERROR
r-oldrel-macos-arm64 0.1.5 202.00 NOTE
r-oldrel-macos-x86_64 0.1.5 223.00 NOTE
r-oldrel-windows-x86_64 0.1.5 11.00 90.00 101.00 ERROR

Check Details

Version: 0.1.5
Check: tests
Result: ERROR Running ‘testthat.R’ [12s/15s] Running the tests in ‘tests/testthat.R’ failed. Complete output: > library(testthat) > library(NMsim) NMsim 0.1.5. Browse NMsim documentation at https://nmautoverse.github.io/NMsim/ > > test_check("NMsim") [ FAIL 1 | WARN 0 | SKIP 0 | PASS 63 ] ══ Failed tests ════════════════════════════════════════════════════════════════ ── Error ('test_NMsim_NWPRI.R:30:5'): NMsim_NWPRI ────────────────────────────── Error in `while (i <= blocksize) { idx.start = sum(sapply(X = 1:i, FUN = function(x) length(1:x))) - i + 1 idx.end = idx.start + i - 1 row[[i]] = block_values[idx.start:idx.end] i = i + 1 }`: argument is of length zero Backtrace: ▆ 1. ├─NMsim::NMsim(...) at test_NMsim_NWPRI.R:30:5 2. │ ├─...[] 3. │ └─data.table:::`[.data.table`(...) 4. └─NMsim (local) method.sim(...) 5. └─NMsim:::prettyMatLines(lines.thetapv) [ FAIL 1 | WARN 0 | SKIP 0 | PASS 63 ] Error: Test failures Execution halted Flavor: r-devel-linux-x86_64-debian-clang

Version: 0.1.5
Check: tests
Result: ERROR Running ‘testthat.R’ [7s/9s] Running the tests in ‘tests/testthat.R’ failed. Complete output: > library(testthat) > library(NMsim) NMsim 0.1.5. Browse NMsim documentation at https://nmautoverse.github.io/NMsim/ > > test_check("NMsim") [ FAIL 1 | WARN 0 | SKIP 0 | PASS 63 ] ══ Failed tests ════════════════════════════════════════════════════════════════ ── Error ('test_NMsim_NWPRI.R:30:5'): NMsim_NWPRI ────────────────────────────── Error in `while (i <= blocksize) { idx.start = sum(sapply(X = 1:i, FUN = function(x) length(1:x))) - i + 1 idx.end = idx.start + i - 1 row[[i]] = block_values[idx.start:idx.end] i = i + 1 }`: argument is of length zero Backtrace: ▆ 1. ├─NMsim::NMsim(...) at test_NMsim_NWPRI.R:30:5 2. │ ├─...[] 3. │ └─data.table:::`[.data.table`(...) 4. └─NMsim (local) method.sim(...) 5. └─NMsim:::prettyMatLines(lines.thetapv) [ FAIL 1 | WARN 0 | SKIP 0 | PASS 63 ] Error: Test failures Execution halted Flavor: r-devel-linux-x86_64-debian-gcc

Version: 0.1.5
Check: tests
Result: ERROR Running ‘testthat.R’ [18s/37s] Running the tests in ‘tests/testthat.R’ failed. Complete output: > library(testthat) > library(NMsim) NMsim 0.1.5. Browse NMsim documentation at https://nmautoverse.github.io/NMsim/ > > test_check("NMsim") [ FAIL 1 | WARN 0 | SKIP 0 | PASS 63 ] ══ Failed tests ════════════════════════════════════════════════════════════════ ── Error ('test_NMsim_NWPRI.R:30:5'): NMsim_NWPRI ────────────────────────────── Error in `while (i <= blocksize) { idx.start = sum(sapply(X = 1:i, FUN = function(x) length(1:x))) - i + 1 idx.end = idx.start + i - 1 row[[i]] = block_values[idx.start:idx.end] i = i + 1 }`: argument is of length zero Backtrace: ▆ 1. ├─NMsim::NMsim(...) at test_NMsim_NWPRI.R:30:5 2. │ ├─...[] 3. │ └─data.table:::`[.data.table`(...) 4. └─NMsim (local) method.sim(...) 5. └─NMsim:::prettyMatLines(lines.thetapv) [ FAIL 1 | WARN 0 | SKIP 0 | PASS 63 ] Error: Test failures Execution halted Flavor: r-devel-linux-x86_64-fedora-gcc

Version: 0.1.5
Check: tests
Result: ERROR Running 'testthat.R' [9s] Running the tests in 'tests/testthat.R' failed. Complete output: > library(testthat) > library(NMsim) NMsim 0.1.5. Browse NMsim documentation at https://nmautoverse.github.io/NMsim/ > > test_check("NMsim") [ FAIL 1 | WARN 0 | SKIP 0 | PASS 63 ] ══ Failed tests ════════════════════════════════════════════════════════════════ ── Error ('test_NMsim_NWPRI.R:30:5'): NMsim_NWPRI ────────────────────────────── Error in `while (i <= blocksize) { idx.start = sum(sapply(X = 1:i, FUN = function(x) length(1:x))) - i + 1 idx.end = idx.start + i - 1 row[[i]] = block_values[idx.start:idx.end] i = i + 1 }`: argument is of length zero Backtrace: ▆ 1. ├─NMsim::NMsim(...) at test_NMsim_NWPRI.R:30:5 2. │ ├─...[] 3. │ └─data.table:::`[.data.table`(...) 4. └─NMsim (local) method.sim(...) 5. └─NMsim:::prettyMatLines(lines.thetapv) [ FAIL 1 | WARN 0 | SKIP 0 | PASS 63 ] Error: Test failures Execution halted Flavor: r-devel-windows-x86_64

Version: 0.1.5
Check: package dependencies
Result: NOTE Package suggested but not available for checking: ‘simpar’ Flavors: r-patched-linux-x86_64, r-release-linux-x86_64, r-release-macos-arm64, r-release-windows-x86_64, r-oldrel-macos-arm64, r-oldrel-macos-x86_64, r-oldrel-windows-x86_64

Version: 0.1.5
Check: tests
Result: ERROR Running ‘testthat.R’ [10s/14s] Running the tests in ‘tests/testthat.R’ failed. Complete output: > library(testthat) > library(NMsim) NMsim 0.1.5. Browse NMsim documentation at https://nmautoverse.github.io/NMsim/ > > test_check("NMsim") [ FAIL 1 | WARN 0 | SKIP 0 | PASS 63 ] ══ Failed tests ════════════════════════════════════════════════════════════════ ── Error ('test_NMsim_NWPRI.R:30:5'): NMsim_NWPRI ────────────────────────────── Error in `while (i <= blocksize) { idx.start = sum(sapply(X = 1:i, FUN = function(x) length(1:x))) - i + 1 idx.end = idx.start + i - 1 row[[i]] = block_values[idx.start:idx.end] i = i + 1 }`: argument is of length zero Backtrace: ▆ 1. ├─NMsim::NMsim(...) at test_NMsim_NWPRI.R:30:5 2. │ ├─...[] 3. │ └─data.table:::`[.data.table`(...) 4. └─NMsim (local) method.sim(...) 5. └─NMsim:::prettyMatLines(lines.thetapv) [ FAIL 1 | WARN 0 | SKIP 0 | PASS 63 ] Error: Test failures Execution halted Flavor: r-patched-linux-x86_64

Version: 0.1.5
Check: tests
Result: ERROR Running ‘testthat.R’ [10s/13s] Running the tests in ‘tests/testthat.R’ failed. Complete output: > library(testthat) > library(NMsim) NMsim 0.1.5. Browse NMsim documentation at https://nmautoverse.github.io/NMsim/ > > test_check("NMsim") [ FAIL 1 | WARN 0 | SKIP 0 | PASS 63 ] ══ Failed tests ════════════════════════════════════════════════════════════════ ── Error ('test_NMsim_NWPRI.R:30:5'): NMsim_NWPRI ────────────────────────────── Error in `while (i <= blocksize) { idx.start = sum(sapply(X = 1:i, FUN = function(x) length(1:x))) - i + 1 idx.end = idx.start + i - 1 row[[i]] = block_values[idx.start:idx.end] i = i + 1 }`: argument is of length zero Backtrace: ▆ 1. ├─NMsim::NMsim(...) at test_NMsim_NWPRI.R:30:5 2. │ ├─...[] 3. │ └─data.table:::`[.data.table`(...) 4. └─NMsim (local) method.sim(...) 5. └─NMsim:::prettyMatLines(lines.thetapv) [ FAIL 1 | WARN 0 | SKIP 0 | PASS 63 ] Error: Test failures Execution halted Flavor: r-release-linux-x86_64

Version: 0.1.6
Check: package dependencies
Result: NOTE Package suggested but not available for checking: ‘simpar’ Flavor: r-release-macos-x86_64

Version: 0.1.5
Check: tests
Result: ERROR Running 'testthat.R' [8s] Running the tests in 'tests/testthat.R' failed. Complete output: > library(testthat) > library(NMsim) NMsim 0.1.5. Browse NMsim documentation at https://nmautoverse.github.io/NMsim/ > > test_check("NMsim") [ FAIL 1 | WARN 0 | SKIP 0 | PASS 63 ] ══ Failed tests ════════════════════════════════════════════════════════════════ ── Error ('test_NMsim_NWPRI.R:30:5'): NMsim_NWPRI ────────────────────────────── Error in `while (i <= blocksize) { idx.start = sum(sapply(X = 1:i, FUN = function(x) length(1:x))) - i + 1 idx.end = idx.start + i - 1 row[[i]] = block_values[idx.start:idx.end] i = i + 1 }`: argument is of length zero Backtrace: ▆ 1. ├─NMsim::NMsim(...) at test_NMsim_NWPRI.R:30:5 2. │ ├─...[] 3. │ └─data.table:::`[.data.table`(...) 4. └─NMsim (local) method.sim(...) 5. └─NMsim:::prettyMatLines(lines.thetapv) [ FAIL 1 | WARN 0 | SKIP 0 | PASS 63 ] Error: Test failures Execution halted Flavor: r-release-windows-x86_64

Version: 0.1.5
Check: tests
Result: ERROR Running 'testthat.R' [12s] Running the tests in 'tests/testthat.R' failed. Complete output: > library(testthat) > library(NMsim) NMsim 0.1.5. Browse NMsim documentation at https://nmautoverse.github.io/NMsim/ > > test_check("NMsim") [ FAIL 1 | WARN 0 | SKIP 0 | PASS 63 ] ══ Failed tests ════════════════════════════════════════════════════════════════ ── Error ('test_NMsim_NWPRI.R:30:5'): NMsim_NWPRI ────────────────────────────── Error in `while (i <= blocksize) { idx.start = sum(sapply(X = 1:i, FUN = function(x) length(1:x))) - i + 1 idx.end = idx.start + i - 1 row[[i]] = block_values[idx.start:idx.end] i = i + 1 }`: argument is of length zero Backtrace: ▆ 1. ├─NMsim::NMsim(...) at test_NMsim_NWPRI.R:30:5 2. │ ├─...[] 3. │ └─data.table:::`[.data.table`(...) 4. └─NMsim (local) method.sim(...) 5. └─NMsim:::prettyMatLines(lines.thetapv) [ FAIL 1 | WARN 0 | SKIP 0 | PASS 63 ] Error: Test failures Execution halted Flavor: r-oldrel-windows-x86_64