CRAN Package Check Results for Package NMVANOVA

Last updated on 2025-02-10 17:49:17 CET.

Flavor Version Tinstall Tcheck Ttotal Status Flags
r-devel-linux-x86_64-debian-clang 1.1.0 1.54 17.80 19.34 OK
r-devel-linux-x86_64-debian-gcc 1.1.0 1.30 14.40 15.70 OK
r-devel-linux-x86_64-fedora-clang 1.1.0 32.26 OK
r-devel-linux-x86_64-fedora-gcc 1.1.0 29.51 OK
r-devel-windows-x86_64 1.1.0 3.00 43.00 46.00 OK
r-patched-linux-x86_64 1.1.0 1.48 17.00 18.48 NOTE
r-release-linux-x86_64 1.1.0 1.49 16.82 18.31 NOTE
r-release-macos-arm64 1.1.0 14.00 NOTE
r-release-macos-x86_64 1.1.0 23.00 NOTE
r-release-windows-x86_64 1.1.0 2.00 42.00 44.00 NOTE
r-oldrel-macos-arm64 1.1.0 15.00 NOTE
r-oldrel-macos-x86_64 1.1.0 20.00 NOTE
r-oldrel-windows-x86_64 1.1.0 4.00 41.00 45.00 NOTE

Check Details

Version: 1.1.0
Check: LazyData
Result: NOTE 'LazyData' is specified without a 'data' directory Flavors: r-patched-linux-x86_64, r-release-linux-x86_64, r-release-macos-arm64, r-release-macos-x86_64, r-release-windows-x86_64, r-oldrel-macos-arm64, r-oldrel-macos-x86_64, r-oldrel-windows-x86_64