Last updated on 2025-11-04 06:49:45 CET.
| Flavor | Version | Tinstall | Tcheck | Ttotal | Status | Flags | 
|---|---|---|---|---|---|---|
| r-devel-linux-x86_64-debian-clang | 0.28 | 32.10 | 614.16 | 646.26 | OK | |
| r-devel-linux-x86_64-debian-gcc | 0.28 | 20.93 | 442.05 | 462.98 | OK | |
| r-devel-linux-x86_64-fedora-clang | 0.28 | 197.00 | 884.87 | 1081.87 | OK | |
| r-devel-linux-x86_64-fedora-gcc | 0.28 | 68.00 | 924.07 | 992.07 | OK | |
| r-devel-windows-x86_64 | 0.28 | 40.00 | 589.00 | 629.00 | OK | |
| r-patched-linux-x86_64 | 0.28 | 39.17 | 585.73 | 624.90 | OK | |
| r-release-linux-x86_64 | 0.28 | 27.96 | 592.36 | 620.32 | OK | |
| r-release-macos-arm64 | 0.28 | 14.00 | 277.00 | 291.00 | OK | |
| r-release-macos-x86_64 | 0.28 | 28.00 | 463.00 | 491.00 | OK | |
| r-release-windows-x86_64 | 0.28 | 38.00 | 573.00 | 611.00 | OK | |
| r-oldrel-macos-arm64 | 0.28 | 17.00 | 301.00 | 318.00 | NOTE | |
| r-oldrel-macos-x86_64 | 0.28 | 39.00 | 902.00 | 941.00 | NOTE | |
| r-oldrel-windows-x86_64 | 0.28 | 55.00 | 775.00 | 830.00 | OK | 
Version: 0.28
Check: package dependencies
Result: NOTE
  Package suggested but not available for checking: ‘doMPI’
Flavors: r-oldrel-macos-arm64, r-oldrel-macos-x86_64