CRAN Package Check Results for Package NCutYX

Last updated on 2025-11-26 05:51:43 CET.

Flavor Version Tinstall Tcheck Ttotal Status Flags
r-devel-linux-x86_64-debian-clang 0.1.0 21.69 64.17 85.86 NOTE
r-devel-linux-x86_64-debian-gcc 0.1.0 16.26 46.30 62.56 NOTE
r-devel-linux-x86_64-fedora-clang 0.1.0 50.00 90.95 140.95 NOTE
r-devel-linux-x86_64-fedora-gcc 0.1.0 52.00 100.05 152.05 NOTE
r-devel-windows-x86_64 0.1.0 31.00 95.00 126.00 OK
r-patched-linux-x86_64 0.1.0 24.95 61.56 86.51 OK
r-release-linux-x86_64 0.1.0 23.29 61.44 84.73 OK
r-release-macos-arm64 0.1.0 OK
r-release-macos-x86_64 0.1.0 15.00 74.00 89.00 OK
r-release-windows-x86_64 0.1.0 29.00 116.00 145.00 OK
r-oldrel-macos-arm64 0.1.0 NOTE
r-oldrel-macos-x86_64 0.1.0 13.00 55.00 68.00 NOTE
r-oldrel-windows-x86_64 0.1.0 31.00 118.00 149.00 OK

Check Details

Version: 0.1.0
Check: CRAN incoming feasibility
Result: NOTE Maintainer: ‘Sebastian J. Teran Hidalgo <sebastianteranhidalgo@gmail.com>’ No Authors@R field in DESCRIPTION. Please add one, modifying Authors@R: c(person(given = c("Sebastian", "J.", "Teran"), family = "Hidalgo", role = c("aut", "cre"), email = "sebastianteranhidalgo@gmail.com"), person(given = "Shuangge", family = "Ma", role = "aut"), person(given = "Ruofan", family = "Bie", role = "aut")) as necessary. Found the following (possibly) invalid file URIs: URI: sebastianteranhidalgo@gmail.com From: man/ancut.Rd URI: sebastianteranhidalgo@gmail.com From: man/awncut.Rd URI: sebastianteranhidalgo@gmail.com From: man/ncut.Rd URI: commits/master From: README.md URI: /commits/master From: README.md Flavors: r-devel-linux-x86_64-debian-clang, r-devel-linux-x86_64-debian-gcc

Version: 0.1.0
Check: dependencies in R code
Result: NOTE Namespaces in Imports field not imported from: ‘MASS’ ‘fields’ ‘mvtnorm’ All declared Imports should be used. Flavors: r-devel-linux-x86_64-fedora-clang, r-devel-linux-x86_64-fedora-gcc

Version: 0.1.0
Check: installed package size
Result: NOTE installed size is 6.8Mb sub-directories of 1Mb or more: data 1.5Mb libs 4.4Mb Flavors: r-oldrel-macos-arm64, r-oldrel-macos-x86_64