Last updated on 2025-11-26 05:51:43 CET.
| Flavor | Version | Tinstall | Tcheck | Ttotal | Status | Flags |
|---|---|---|---|---|---|---|
| r-devel-linux-x86_64-debian-clang | 23.11.0 | 40.46 | 264.56 | 305.02 | NOTE | |
| r-devel-linux-x86_64-debian-gcc | 23.11.0 | 28.06 | 171.52 | 199.58 | NOTE | |
| r-devel-linux-x86_64-fedora-clang | 25.11.15 | 230.00 | 302.22 | 532.22 | OK | |
| r-devel-linux-x86_64-fedora-gcc | 25.11.15 | 286.00 | 228.02 | 514.02 | OK | |
| r-devel-windows-x86_64 | 23.11.0 | 48.00 | 291.00 | 339.00 | NOTE | |
| r-patched-linux-x86_64 | 23.11.0 | 45.33 | 242.64 | 287.97 | NOTE | |
| r-release-linux-x86_64 | 23.11.0 | 40.89 | 241.34 | 282.23 | NOTE | |
| r-release-macos-arm64 | 25.11.15 | 12.00 | 47.00 | 59.00 | OK | |
| r-release-macos-x86_64 | 25.11.15 | 60.00 | 189.00 | 249.00 | OK | |
| r-release-windows-x86_64 | 23.11.0 | 43.00 | 330.00 | 373.00 | NOTE | |
| r-oldrel-macos-arm64 | 25.11.15 | 12.00 | 50.00 | 62.00 | OK | |
| r-oldrel-macos-x86_64 | 25.11.15 | 73.00 | 269.00 | 342.00 | OK | |
| r-oldrel-windows-x86_64 | 25.11.15 | 37.00 | 359.00 | 396.00 | OK |
Version: 23.11.0
Check: CRAN incoming feasibility
Result: NOTE
Maintainer: ‘Jose Luis Vicente Villardon <villardon@usal.es>’
No Authors@R field in DESCRIPTION.
Please add one, modifying
Authors@R: c(person(given = c("Jose", "Luis"),
family = "Vicente-Villardon",
role = "aut"),
person(given = "Laura",
family = "Vicente-Gonzalez",
role = "aut"),
person(given = "Elisa",
family = "Frutos-Bernal",
role = "aut"),
person(given = c("Jose", "Luis", "Vicente"),
family = "Villardon",
role = "cre",
email = "villardon@usal.es"))
as necessary.
Flavors: r-devel-linux-x86_64-debian-clang, r-devel-linux-x86_64-debian-gcc
Version: 23.11.0
Check: Rd cross-references
Result: NOTE
Found the following Rd file(s) with Rd \link{} targets missing package
anchors:
PolyOrdinalLogBiplot.Rd: fa, principal
Please provide package anchors for all Rd \link{} targets not in the
package itself and the base packages.
Flavors: r-devel-linux-x86_64-debian-clang, r-devel-linux-x86_64-debian-gcc, r-devel-windows-x86_64, r-patched-linux-x86_64, r-release-linux-x86_64, r-release-windows-x86_64