Last updated on 2025-11-26 05:51:42 CET.
| Flavor | Version | Tinstall | Tcheck | Ttotal | Status | Flags |
|---|---|---|---|---|---|---|
| r-devel-linux-x86_64-debian-clang | 1.4.1 | 23.64 | 255.15 | 278.79 | ERROR | |
| r-devel-linux-x86_64-debian-gcc | 1.4.1 | 14.64 | 160.02 | 174.66 | ERROR | |
| r-devel-linux-x86_64-fedora-clang | 1.4.1 | 64.00 | 364.93 | 428.93 | ERROR | |
| r-devel-linux-x86_64-fedora-gcc | 1.4.1 | 55.00 | 355.47 | 410.47 | ERROR | |
| r-devel-windows-x86_64 | 1.4.1 | 32.00 | 330.00 | 362.00 | ERROR | |
| r-patched-linux-x86_64 | 1.4.1 | 31.94 | 222.66 | 254.60 | ERROR | |
| r-release-linux-x86_64 | 1.4.1 | 21.09 | 223.80 | 244.89 | ERROR | |
| r-release-macos-arm64 | 1.4.1 | OK | ||||
| r-release-macos-x86_64 | 1.4.1 | 23.00 | 166.00 | 189.00 | OK | |
| r-release-windows-x86_64 | 1.4.1 | 29.00 | 297.00 | 326.00 | ERROR | |
| r-oldrel-macos-arm64 | 1.4.1 | OK | ||||
| r-oldrel-macos-x86_64 | 1.4.1 | 30.00 | 151.00 | 181.00 | OK | |
| r-oldrel-windows-x86_64 | 1.4.1 | 40.00 | 378.00 | 418.00 | ERROR |
Version: 1.4.1
Check: Rd cross-references
Result: NOTE
Found the following Rd file(s) with Rd \link{} targets missing package
anchors:
LDA.Rd: lda
img_plot.Rd: readJPEG
ldk_contour.Rd: kde2d
links_delaunay.Rd: delaunayn
plot.LDA.Rd: kde2d
plot.PCA.Rd: kde2d
reLDA.Rd: predict.lda
Please provide package anchors for all Rd \link{} targets not in the
package itself and the base packages.
Flavors: r-devel-linux-x86_64-debian-clang, r-devel-linux-x86_64-debian-gcc, r-devel-windows-x86_64, r-patched-linux-x86_64, r-release-linux-x86_64, r-release-windows-x86_64
Version: 1.4.1
Check: examples
Result: ERROR
Running examples in ‘Momocs-Ex.R’ failed
The error most likely occurred in:
> base::assign(".ptime", proc.time(), pos = "CheckExEnv")
> ### Name: plot_CV
> ### Title: Plots a cross-validation table as an heatmap
> ### Aliases: plot_CV plot_CV.default plot_CV.LDA
>
> ### ** Examples
>
> h <- hearts %>%
+ fgProcrustes(0.01) %>% coo_slide(ldk=2) %T>% stack %>%
+ efourier(6, norm=FALSE) %>% LDA(~aut)
iteration: 1 gain: 30322
iteration: 2 gain: 1.2498
iteration: 3 gain: 0.34194
iteration: 4 gain: 0.0062954
>
> h %>% plot_CV()
Warning: The `size` argument of `element_line()` is deprecated as of ggplot2 3.4.0.
ℹ Please use the `linewidth` argument instead.
ℹ The deprecated feature was likely used in the Momocs package.
Please report the issue at <https://github.com/MomX/Momocs/issues>.
Warning: The `<scale>` argument of `guides()` cannot be `FALSE`. Use "none" instead as
of ggplot2 3.3.4.
ℹ The deprecated feature was likely used in the Momocs package.
Please report the issue at <https://github.com/MomX/Momocs/issues>.
> h %>% plot_CV(freq=FALSE, rm0=FALSE, fill=FALSE)
> # you can customize the returned gg with some ggplot2 functions
> h %>% plot_CV(labels=FALSE, fill=TRUE, axis.size=5) + ggplot2::ggtitle("A confusion matrix")
>
> # or build your own using the prepared data_frame:
> df <- h %>% plot_CV() %$% data
Error in eval(substitute(expr), data, enclos = parent.frame()) :
invalid 'envir' argument of type 'object'
Calls: %$% -> <Anonymous> -> with.default -> eval
Execution halted
Examples with CPU (user + system) or elapsed time > 5s
user system elapsed
calibrate_deviations 7.085 0.019 10.185
calibrate_reconstructions 5.955 0.000 7.794
calibrate_harmonicpower 4.522 0.003 6.283
CLUST 3.297 0.172 5.373
Flavor: r-devel-linux-x86_64-debian-clang
Version: 1.4.1
Check: examples
Result: ERROR
Running examples in ‘Momocs-Ex.R’ failed
The error most likely occurred in:
> base::assign(".ptime", proc.time(), pos = "CheckExEnv")
> ### Name: plot_CV
> ### Title: Plots a cross-validation table as an heatmap
> ### Aliases: plot_CV plot_CV.default plot_CV.LDA
>
> ### ** Examples
>
> h <- hearts %>%
+ fgProcrustes(0.01) %>% coo_slide(ldk=2) %T>% stack %>%
+ efourier(6, norm=FALSE) %>% LDA(~aut)
iteration: 1 gain: 30322
iteration: 2 gain: 1.2498
iteration: 3 gain: 0.34194
iteration: 4 gain: 0.0062954
>
> h %>% plot_CV()
Warning: The `size` argument of `element_line()` is deprecated as of ggplot2 3.4.0.
ℹ Please use the `linewidth` argument instead.
ℹ The deprecated feature was likely used in the Momocs package.
Please report the issue at <https://github.com/MomX/Momocs/issues>.
Warning: The `<scale>` argument of `guides()` cannot be `FALSE`. Use "none" instead as
of ggplot2 3.3.4.
ℹ The deprecated feature was likely used in the Momocs package.
Please report the issue at <https://github.com/MomX/Momocs/issues>.
> h %>% plot_CV(freq=FALSE, rm0=FALSE, fill=FALSE)
> # you can customize the returned gg with some ggplot2 functions
> h %>% plot_CV(labels=FALSE, fill=TRUE, axis.size=5) + ggplot2::ggtitle("A confusion matrix")
>
> # or build your own using the prepared data_frame:
> df <- h %>% plot_CV() %$% data
Error in eval(substitute(expr), data, enclos = parent.frame()) :
invalid 'envir' argument of type 'object'
Calls: %$% -> <Anonymous> -> with.default -> eval
Execution halted
Examples with CPU (user + system) or elapsed time > 5s
user system elapsed
calibrate_deviations 3.777 0.086 5.017
Flavor: r-devel-linux-x86_64-debian-gcc
Version: 1.4.1
Check: examples
Result: ERROR
Running examples in ‘Momocs-Ex.R’ failed
The error most likely occurred in:
> ### Name: plot_CV
> ### Title: Plots a cross-validation table as an heatmap
> ### Aliases: plot_CV plot_CV.default plot_CV.LDA
>
> ### ** Examples
>
> h <- hearts %>%
+ fgProcrustes(0.01) %>% coo_slide(ldk=2) %T>% stack %>%
+ efourier(6, norm=FALSE) %>% LDA(~aut)
iteration: 1 gain: 30322
iteration: 2 gain: 1.2498
iteration: 3 gain: 0.34194
iteration: 4 gain: 0.0062954
>
> h %>% plot_CV()
Warning: The `size` argument of `element_line()` is deprecated as of ggplot2 3.4.0.
ℹ Please use the `linewidth` argument instead.
ℹ The deprecated feature was likely used in the Momocs package.
Please report the issue at <https://github.com/MomX/Momocs/issues>.
Warning: The `<scale>` argument of `guides()` cannot be `FALSE`. Use "none" instead as
of ggplot2 3.3.4.
ℹ The deprecated feature was likely used in the Momocs package.
Please report the issue at <https://github.com/MomX/Momocs/issues>.
> h %>% plot_CV(freq=FALSE, rm0=FALSE, fill=FALSE)
> # you can customize the returned gg with some ggplot2 functions
> h %>% plot_CV(labels=FALSE, fill=TRUE, axis.size=5) + ggplot2::ggtitle("A confusion matrix")
>
> # or build your own using the prepared data_frame:
> df <- h %>% plot_CV() %$% data
Error in eval(substitute(expr), data, enclos = parent.frame()) :
invalid 'envir' argument of type 'object'
Calls: %$% -> <Anonymous> -> with.default -> eval
Execution halted
Flavors: r-devel-linux-x86_64-fedora-clang, r-devel-linux-x86_64-fedora-gcc, r-devel-windows-x86_64, r-release-windows-x86_64, r-oldrel-windows-x86_64
Version: 1.4.1
Check: examples
Result: ERROR
Running examples in ‘Momocs-Ex.R’ failed
The error most likely occurred in:
> base::assign(".ptime", proc.time(), pos = "CheckExEnv")
> ### Name: plot_CV
> ### Title: Plots a cross-validation table as an heatmap
> ### Aliases: plot_CV plot_CV.default plot_CV.LDA
>
> ### ** Examples
>
> h <- hearts %>%
+ fgProcrustes(0.01) %>% coo_slide(ldk=2) %T>% stack %>%
+ efourier(6, norm=FALSE) %>% LDA(~aut)
iteration: 1 gain: 30322
iteration: 2 gain: 1.2498
iteration: 3 gain: 0.34194
iteration: 4 gain: 0.0062954
>
> h %>% plot_CV()
Warning: The `size` argument of `element_line()` is deprecated as of ggplot2 3.4.0.
ℹ Please use the `linewidth` argument instead.
ℹ The deprecated feature was likely used in the Momocs package.
Please report the issue at <https://github.com/MomX/Momocs/issues>.
Warning: The `<scale>` argument of `guides()` cannot be `FALSE`. Use "none" instead as
of ggplot2 3.3.4.
ℹ The deprecated feature was likely used in the Momocs package.
Please report the issue at <https://github.com/MomX/Momocs/issues>.
> h %>% plot_CV(freq=FALSE, rm0=FALSE, fill=FALSE)
> # you can customize the returned gg with some ggplot2 functions
> h %>% plot_CV(labels=FALSE, fill=TRUE, axis.size=5) + ggplot2::ggtitle("A confusion matrix")
>
> # or build your own using the prepared data_frame:
> df <- h %>% plot_CV() %$% data
Error in eval(substitute(expr), data, enclos = parent.frame()) :
invalid 'envir' argument of type 'object'
Calls: %$% -> <Anonymous> -> with.default -> eval
Execution halted
Examples with CPU (user + system) or elapsed time > 5s
user system elapsed
calibrate_deviations 6.101 0.008 6.607
calibrate_reconstructions 5.802 0.008 7.363
calibrate_harmonicpower 4.245 0.055 5.495
Flavor: r-patched-linux-x86_64
Version: 1.4.1
Check: examples
Result: ERROR
Running examples in ‘Momocs-Ex.R’ failed
The error most likely occurred in:
> base::assign(".ptime", proc.time(), pos = "CheckExEnv")
> ### Name: plot_CV
> ### Title: Plots a cross-validation table as an heatmap
> ### Aliases: plot_CV plot_CV.default plot_CV.LDA
>
> ### ** Examples
>
> h <- hearts %>%
+ fgProcrustes(0.01) %>% coo_slide(ldk=2) %T>% stack %>%
+ efourier(6, norm=FALSE) %>% LDA(~aut)
iteration: 1 gain: 30322
iteration: 2 gain: 1.2498
iteration: 3 gain: 0.34194
iteration: 4 gain: 0.0062954
>
> h %>% plot_CV()
Warning: The `size` argument of `element_line()` is deprecated as of ggplot2 3.4.0.
ℹ Please use the `linewidth` argument instead.
ℹ The deprecated feature was likely used in the Momocs package.
Please report the issue at <https://github.com/MomX/Momocs/issues>.
Warning: The `<scale>` argument of `guides()` cannot be `FALSE`. Use "none" instead as
of ggplot2 3.3.4.
ℹ The deprecated feature was likely used in the Momocs package.
Please report the issue at <https://github.com/MomX/Momocs/issues>.
> h %>% plot_CV(freq=FALSE, rm0=FALSE, fill=FALSE)
> # you can customize the returned gg with some ggplot2 functions
> h %>% plot_CV(labels=FALSE, fill=TRUE, axis.size=5) + ggplot2::ggtitle("A confusion matrix")
>
> # or build your own using the prepared data_frame:
> df <- h %>% plot_CV() %$% data
Error in eval(substitute(expr), data, enclos = parent.frame()) :
invalid 'envir' argument of type 'object'
Calls: %$% -> <Anonymous> -> with.default -> eval
Execution halted
Examples with CPU (user + system) or elapsed time > 5s
user system elapsed
calibrate_deviations 6.158 0.019 7.236
calibrate_reconstructions 5.786 0.009 7.755
calibrate_harmonicpower 4.300 0.028 5.430
Flavor: r-release-linux-x86_64