Last updated on 2025-02-10 17:49:16 CET.
Flavor | Version | Tinstall | Tcheck | Ttotal | Status | Flags |
---|---|---|---|---|---|---|
r-devel-linux-x86_64-debian-clang | 1.4.5 | 17.46 | 151.89 | 169.35 | OK | |
r-devel-linux-x86_64-debian-gcc | 1.4.5 | 12.53 | 109.00 | 121.53 | OK | |
r-devel-linux-x86_64-fedora-clang | 1.4.5 | 291.19 | OK | |||
r-devel-linux-x86_64-fedora-gcc | 1.4.5 | 270.69 | OK | |||
r-devel-windows-x86_64 | 1.4.5 | 19.00 | 148.00 | 167.00 | OK | |
r-patched-linux-x86_64 | 1.4.5 | 18.00 | 144.12 | 162.12 | OK | |
r-release-linux-x86_64 | 1.4.5 | 16.82 | 145.79 | 162.61 | OK | |
r-release-macos-arm64 | 1.4.5 | 75.00 | OK | |||
r-release-macos-x86_64 | 1.4.5 | 129.00 | OK | |||
r-release-windows-x86_64 | 1.4.5 | 18.00 | 151.00 | 169.00 | OK | |
r-oldrel-macos-arm64 | 1.4.5 | 87.00 | NOTE | |||
r-oldrel-macos-x86_64 | 1.4.5 | 161.00 | NOTE | |||
r-oldrel-windows-x86_64 | 1.4.5 | 24.00 | 195.00 | 219.00 | OK |
Version: 1.4.5
Check: package dependencies
Result: NOTE
Packages suggested but not available for checking: 'ropls', 'xcms'
Flavors: r-oldrel-macos-arm64, r-oldrel-macos-x86_64