Last updated on 2024-06-15 17:57:37 CEST.
Flavor | Version | Tinstall | Tcheck | Ttotal | Status | Flags |
---|---|---|---|---|---|---|
r-devel-linux-x86_64-debian-clang | 1.1.2 | 17.69 | 171.95 | 189.64 | NOTE | |
r-devel-linux-x86_64-debian-gcc | 1.1.2 | 14.42 | 124.10 | 138.52 | NOTE | |
r-devel-linux-x86_64-fedora-clang | 1.1.2 | 248.76 | NOTE | |||
r-devel-linux-x86_64-fedora-gcc | 1.1.2 | 235.64 | NOTE | |||
r-devel-windows-x86_64 | 1.1.2 | 17.00 | 162.00 | 179.00 | NOTE | |
r-patched-linux-x86_64 | 1.1.2 | 16.27 | 161.74 | 178.01 | NOTE | |
r-release-linux-x86_64 | 1.1.2 | 17.55 | 160.16 | 177.71 | NOTE | |
r-release-macos-arm64 | 1.1.2 | 70.00 | NOTE | |||
r-release-macos-x86_64 | 1.1.2 | 101.00 | NOTE | |||
r-release-windows-x86_64 | 1.1.2 | 18.00 | 154.00 | 172.00 | NOTE | |
r-oldrel-macos-arm64 | 1.1.2 | 79.00 | OK | |||
r-oldrel-macos-x86_64 | 1.1.2 | 120.00 | OK | |||
r-oldrel-windows-x86_64 | 1.1.2 | 24.00 | 195.00 | 219.00 | OK |
Version: 1.1.2
Check: Rd files
Result: NOTE
checkRd: (-1) CVLasoelacox.Rd:68-69: Lost braces in \itemize; \value handles \item{}{} directly
checkRd: (-1) CVLasoelacox.Rd:70-71: Lost braces in \itemize; \value handles \item{}{} directly
checkRd: (-1) CVLasoelacox.Rd:72: Lost braces in \itemize; \value handles \item{}{} directly
checkRd: (-1) CVLasoelacox.Rd:73: Lost braces in \itemize; \value handles \item{}{} directly
checkRd: (-1) CVLasoelacox.Rd:74-76: Lost braces in \itemize; \value handles \item{}{} directly
checkRd: (-1) CVLasoelacox.Rd:77-79: Lost braces in \itemize; \value handles \item{}{} directly
checkRd: (-1) CVLasoelacox.Rd:80-81: Lost braces in \itemize; \value handles \item{}{} directly
checkRd: (-1) CVLasoelacox.Rd:82-85: Lost braces in \itemize; \value handles \item{}{} directly
checkRd: (-1) CVLasoelacox.Rd:86-87: Lost braces in \itemize; \value handles \item{}{} directly
Flavors: r-devel-linux-x86_64-debian-clang, r-devel-linux-x86_64-debian-gcc, r-devel-linux-x86_64-fedora-clang, r-devel-linux-x86_64-fedora-gcc, r-devel-windows-x86_64, r-patched-linux-x86_64, r-release-linux-x86_64, r-release-macos-arm64, r-release-macos-x86_64, r-release-windows-x86_64