Last updated on 2025-11-25 17:49:55 CET.
| Flavor | Version | Tinstall | Tcheck | Ttotal | Status | Flags |
|---|---|---|---|---|---|---|
| r-devel-linux-x86_64-debian-clang | 0.4.4 | 0.21 | 2.89 | 3.10 | ERROR | |
| r-devel-linux-x86_64-debian-gcc | 0.4.4 | 0.28 | 2.39 | 2.67 | ERROR | |
| r-devel-linux-x86_64-fedora-clang | 0.4.4 | 3.00 | ERROR | |||
| r-devel-linux-x86_64-fedora-gcc | 0.4.4 | 2.92 | ERROR | |||
| r-devel-windows-x86_64 | 0.4.4 | 13.00 | 96.00 | 109.00 | OK | |
| r-patched-linux-x86_64 | 0.4.4 | 10.03 | 77.65 | 87.68 | OK | |
| r-release-linux-x86_64 | 0.4.4 | 7.91 | 77.88 | 85.79 | OK | |
| r-release-macos-arm64 | 0.4.4 | OK | ||||
| r-release-macos-x86_64 | 0.4.4 | 7.00 | 73.00 | 80.00 | OK | |
| r-release-windows-x86_64 | 0.4.4 | 11.00 | 95.00 | 106.00 | OK | |
| r-oldrel-macos-arm64 | 0.4.4 | OK | ||||
| r-oldrel-macos-x86_64 | 0.4.4 | 9.00 | 97.00 | 106.00 | OK | |
| r-oldrel-windows-x86_64 | 0.4.4 | 14.00 | 121.00 | 135.00 | OK |
Version: 0.4.4
Check: package dependencies
Result: ERROR
Package required but not available: ‘MazamaSpatialUtils’
See section ‘The DESCRIPTION file’ in the ‘Writing R Extensions’
manual.
Flavors: r-devel-linux-x86_64-debian-clang, r-devel-linux-x86_64-debian-gcc, r-devel-linux-x86_64-fedora-clang, r-devel-linux-x86_64-fedora-gcc