Last updated on 2025-02-10 17:49:15 CET.
Flavor | Version | Tinstall | Tcheck | Ttotal | Status | Flags |
---|---|---|---|---|---|---|
r-devel-linux-x86_64-debian-clang | 2.3 | 4.60 | 32.67 | 37.27 | NOTE | |
r-devel-linux-x86_64-debian-gcc | 2.3 | 3.52 | 24.96 | 28.48 | NOTE | |
r-devel-linux-x86_64-fedora-clang | 2.3 | 60.87 | NOTE | |||
r-devel-linux-x86_64-fedora-gcc | 2.3 | 57.69 | NOTE | |||
r-devel-windows-x86_64 | 2.3 | 7.00 | 54.00 | 61.00 | NOTE | |
r-patched-linux-x86_64 | 2.3 | 5.59 | 31.01 | 36.60 | NOTE | |
r-release-linux-x86_64 | 2.3 | 4.41 | 30.94 | 35.35 | NOTE | |
r-release-macos-arm64 | 2.3 | 26.00 | NOTE | |||
r-release-macos-x86_64 | 2.3 | 31.00 | NOTE | |||
r-release-windows-x86_64 | 2.3 | 6.00 | 52.00 | 58.00 | NOTE | |
r-oldrel-macos-arm64 | 2.3 | 42.00 | OK | |||
r-oldrel-macos-x86_64 | 2.3 | 83.00 | OK | |||
r-oldrel-windows-x86_64 | 2.3 | 5.00 | 59.00 | 64.00 | OK |
Version: 2.3
Check: Rd files
Result: NOTE
checkRd: (-1) Matrix_eQTL_main.Rd:31: Lost braces; missing escapes or markup?
31 | {genepos} in the call of \code{Matrix_eQTL_main} function.
| ^
checkRd: (-1) Matrix_eQTL_main.Rd:35: Lost braces; missing escapes or markup?
35 | the data frames \code{snpspos} and {genepos}.
| ^
Flavors: r-devel-linux-x86_64-debian-clang, r-devel-linux-x86_64-debian-gcc, r-devel-linux-x86_64-fedora-clang, r-devel-linux-x86_64-fedora-gcc, r-devel-windows-x86_64, r-patched-linux-x86_64, r-release-linux-x86_64, r-release-macos-arm64, r-release-macos-x86_64, r-release-windows-x86_64