Last updated on 2025-02-10 17:49:15 CET.
Flavor | Version | Tinstall | Tcheck | Ttotal | Status | Flags |
---|---|---|---|---|---|---|
r-devel-linux-x86_64-debian-clang | 0.10.0 | 42.15 | 69.21 | 111.36 | NOTE | |
r-devel-linux-x86_64-debian-gcc | 0.10.0 | 27.53 | 50.87 | 78.40 | NOTE | |
r-devel-linux-x86_64-fedora-clang | 0.10.0 | 201.24 | NOTE | |||
r-devel-linux-x86_64-fedora-gcc | 0.10.0 | 192.05 | NOTE | |||
r-devel-windows-x86_64 | 0.10.0 | 47.00 | 98.00 | 145.00 | NOTE | |
r-patched-linux-x86_64 | 0.10.0 | 41.38 | 65.24 | 106.62 | NOTE | |
r-release-linux-x86_64 | 0.10.0 | 38.96 | 64.27 | 103.23 | NOTE | |
r-release-macos-arm64 | 0.10.0 | 47.00 | NOTE | |||
r-release-macos-x86_64 | 0.10.0 | 98.00 | NOTE | |||
r-release-windows-x86_64 | 0.10.0 | 48.00 | 98.00 | 146.00 | NOTE | |
r-oldrel-macos-arm64 | 0.10.0 | 57.00 | OK | |||
r-oldrel-macos-x86_64 | 0.10.0 | 95.00 | OK | |||
r-oldrel-windows-x86_64 | 0.10.0 | 54.00 | 206.00 | 260.00 | OK |
Version: 0.10.0
Check: Rd files
Result: NOTE
checkRd: (-1) MatrixCorrelation.Rd:17: Lost braces in \itemize; meant \describe ?
checkRd: (-1) MatrixCorrelation.Rd:18-19: Lost braces in \itemize; meant \describe ?
checkRd: (-1) MatrixCorrelation.Rd:20-21: Lost braces in \itemize; meant \describe ?
checkRd: (-1) MatrixCorrelation.Rd:22-23: Lost braces in \itemize; meant \describe ?
checkRd: (-1) MatrixCorrelation.Rd:24-25: Lost braces in \itemize; meant \describe ?
checkRd: (-1) MatrixCorrelation.Rd:26-27: Lost braces in \itemize; meant \describe ?
checkRd: (-1) MatrixCorrelation.Rd:28-29: Lost braces in \itemize; meant \describe ?
checkRd: (-1) RV.Rd:61-62: Lost braces in \itemize; meant \describe ?
checkRd: (-1) RV.Rd:63-64: Lost braces in \itemize; meant \describe ?
checkRd: (-1) RV.Rd:65-66: Lost braces in \itemize; meant \describe ?
checkRd: (-1) RV.Rd:67-68: Lost braces in \itemize; meant \describe ?
checkRd: (-1) allCorrelations.Rd:63: Lost braces in \itemize; meant \describe ?
checkRd: (-1) allCorrelations.Rd:64-65: Lost braces in \itemize; meant \describe ?
checkRd: (-1) allCorrelations.Rd:66-67: Lost braces in \itemize; meant \describe ?
checkRd: (-1) allCorrelations.Rd:68-69: Lost braces in \itemize; meant \describe ?
checkRd: (-1) allCorrelations.Rd:70-71: Lost braces in \itemize; meant \describe ?
checkRd: (-1) allCorrelations.Rd:72-73: Lost braces in \itemize; meant \describe ?
checkRd: (-1) allCorrelations.Rd:74-75: Lost braces in \itemize; meant \describe ?
checkRd: (-1) r1.Rd:71: Lost braces in \itemize; meant \describe ?
checkRd: (-1) r1.Rd:72: Lost braces in \itemize; meant \describe ?
checkRd: (-1) r1.Rd:73: Lost braces in \itemize; meant \describe ?
checkRd: (-1) r1.Rd:74: Lost braces in \itemize; meant \describe ?
checkRd: (-1) r1.Rd:75: Lost braces in \itemize; meant \describe ?
Flavors: r-devel-linux-x86_64-debian-clang, r-devel-linux-x86_64-debian-gcc, r-devel-linux-x86_64-fedora-clang, r-devel-linux-x86_64-fedora-gcc, r-devel-windows-x86_64, r-patched-linux-x86_64, r-release-linux-x86_64, r-release-macos-arm64, r-release-macos-x86_64, r-release-windows-x86_64