Last updated on 2025-06-30 18:49:46 CEST.
Flavor | Version | Tinstall | Tcheck | Ttotal | Status | Flags |
---|---|---|---|---|---|---|
r-devel-linux-x86_64-debian-clang | 3.7.4 | 111.50 | 246.12 | 357.62 | OK | |
r-devel-linux-x86_64-debian-gcc | 3.7.4 | 74.93 | 148.67 | 223.60 | OK | |
r-devel-linux-x86_64-fedora-clang | 3.7.4 | 607.24 | OK | |||
r-devel-linux-x86_64-fedora-gcc | 3.7.4 | 554.59 | OK | |||
r-devel-windows-x86_64 | 3.7.4 | 127.00 | 244.00 | 371.00 | OK | |
r-patched-linux-x86_64 | OK | |||||
r-release-linux-x86_64 | 3.7.4 | 114.54 | 225.14 | 339.68 | OK | |
r-release-macos-arm64 | 3.7.4 | 118.00 | OK | |||
r-release-macos-x86_64 | 3.7.4 | 232.00 | OK | |||
r-release-windows-x86_64 | 3.7.4 | 130.00 | 242.00 | 372.00 | OK | |
r-oldrel-macos-arm64 | 3.7.4 | 127.00 | NOTE | |||
r-oldrel-macos-x86_64 | 3.7.4 | 234.00 | NOTE | |||
r-oldrel-windows-x86_64 | 3.7.4 | 160.00 | 316.00 | 476.00 | NOTE |
Version: 3.7.4
Check: installed package size
Result: NOTE
installed size is 13.2Mb
sub-directories of 1Mb or more:
R 3.1Mb
data 5.3Mb
libs 4.0Mb
Flavors: r-oldrel-macos-arm64, r-oldrel-macos-x86_64, r-oldrel-windows-x86_64