Last updated on 2025-11-26 05:51:42 CET.
| Flavor | Version | Tinstall | Tcheck | Ttotal | Status | Flags |
|---|---|---|---|---|---|---|
| r-devel-linux-x86_64-debian-clang | 1.0.0 | 2.02 | 29.20 | 31.22 | NOTE | |
| r-devel-linux-x86_64-debian-gcc | 1.0.0 | 1.62 | 23.94 | 25.56 | NOTE | |
| r-devel-linux-x86_64-fedora-clang | 1.0.0 | 46.98 | NOTE | |||
| r-devel-linux-x86_64-fedora-gcc | 1.0.0 | 59.42 | NOTE | |||
| r-devel-windows-x86_64 | 1.0.0 | 4.00 | 46.00 | 50.00 | NOTE | |
| r-patched-linux-x86_64 | 1.0.0 | 1.86 | 26.57 | 28.43 | NOTE | |
| r-release-linux-x86_64 | 1.0.0 | 2.05 | 26.26 | 28.31 | NOTE | |
| r-release-macos-arm64 | 1.0.0 | NOTE | ||||
| r-release-macos-x86_64 | 1.0.0 | 2.00 | 49.00 | 51.00 | NOTE | |
| r-release-windows-x86_64 | 1.0.0 | 5.00 | 46.00 | 51.00 | NOTE | |
| r-oldrel-macos-arm64 | 1.0.0 | NOTE | ||||
| r-oldrel-macos-x86_64 | 1.0.0 | 2.00 | 33.00 | 35.00 | NOTE | |
| r-oldrel-windows-x86_64 | 1.0.0 | 5.00 | 55.00 | 60.00 | NOTE |
Version: 1.0.0
Check: Rd files
Result: NOTE
checkRd: (-1) genotype_data.Rd:7: Escaped LaTeX specials: \_
checkRd: (-1) genotype_data.Rd:18: Escaped LaTeX specials: \_
checkRd: (-1) phenotype_data.Rd:15: Escaped LaTeX specials: \_
Flavors: r-devel-linux-x86_64-debian-clang, r-devel-linux-x86_64-debian-gcc, r-devel-linux-x86_64-fedora-clang, r-devel-linux-x86_64-fedora-gcc, r-devel-windows-x86_64, r-patched-linux-x86_64, r-release-linux-x86_64, r-release-macos-arm64, r-release-macos-x86_64, r-release-windows-x86_64, r-oldrel-macos-arm64, r-oldrel-macos-x86_64, r-oldrel-windows-x86_64