Last updated on 2025-02-05 17:50:01 CET.
Flavor | Version | Tinstall | Tcheck | Ttotal | Status | Flags |
---|---|---|---|---|---|---|
r-devel-linux-x86_64-debian-clang | 1.0.2 | 3.96 | 47.80 | 51.76 | OK | |
r-devel-linux-x86_64-debian-gcc | 1.0.2 | 3.08 | 36.79 | 39.87 | OK | |
r-devel-linux-x86_64-fedora-clang | 1.0.2 | 81.31 | OK | |||
r-devel-linux-x86_64-fedora-gcc | 1.0.2 | 80.37 | OK | |||
r-devel-windows-x86_64 | 1.0.2 | 5.00 | 74.00 | 79.00 | OK | |
r-patched-linux-x86_64 | 1.0.2 | 3.24 | 47.26 | 50.50 | NOTE | |
r-release-linux-x86_64 | 1.0.2 | 2.41 | 47.82 | 50.23 | NOTE | |
r-release-macos-arm64 | 1.0.2 | 30.00 | NOTE | |||
r-release-macos-x86_64 | 1.0.2 | 43.00 | NOTE | |||
r-release-windows-x86_64 | 1.0.2 | 5.00 | 72.00 | 77.00 | NOTE | |
r-oldrel-macos-arm64 | 1.0.2 | 33.00 | NOTE | |||
r-oldrel-macos-x86_64 | 1.0.2 | 49.00 | NOTE | |||
r-oldrel-windows-x86_64 | 1.0.2 | 6.00 | 81.00 | 87.00 | NOTE |
Version: 1.0.2
Check: LazyData
Result: NOTE
'LazyData' is specified without a 'data' directory
Flavors: r-patched-linux-x86_64, r-release-linux-x86_64, r-release-macos-arm64, r-release-macos-x86_64, r-release-windows-x86_64, r-oldrel-macos-arm64, r-oldrel-macos-x86_64, r-oldrel-windows-x86_64