CRAN Package Check Results for Package MFDFA

Last updated on 2025-02-05 17:50:01 CET.

Flavor Version Tinstall Tcheck Ttotal Status Flags
r-devel-linux-x86_64-debian-clang 1.1 1.72 30.00 31.72 OK
r-devel-linux-x86_64-debian-gcc 1.1 1.39 20.59 21.98 OK
r-devel-linux-x86_64-fedora-clang 1.1 51.42 OK
r-devel-linux-x86_64-fedora-gcc 1.1 48.46 OK
r-devel-windows-x86_64 1.1 2.00 50.00 52.00 OK
r-patched-linux-x86_64 1.1 1.80 27.85 29.65 NOTE
r-release-linux-x86_64 1.1 1.53 28.51 30.04 NOTE
r-release-macos-arm64 1.1 17.00 NOTE
r-release-macos-x86_64 1.1 26.00 NOTE
r-release-windows-x86_64 1.1 3.00 49.00 52.00 NOTE
r-oldrel-macos-arm64 1.1 20.00 NOTE
r-oldrel-macos-x86_64 1.1 30.00 NOTE
r-oldrel-windows-x86_64 1.1 3.00 51.00 54.00 NOTE

Check Details

Version: 1.1
Check: LazyData
Result: NOTE 'LazyData' is specified without a 'data' directory Flavors: r-patched-linux-x86_64, r-release-linux-x86_64, r-release-macos-arm64, r-release-macos-x86_64, r-release-windows-x86_64, r-oldrel-macos-arm64, r-oldrel-macos-x86_64, r-oldrel-windows-x86_64