Last updated on 2025-05-13 18:50:04 CEST.
Flavor | Version | Tinstall | Tcheck | Ttotal | Status | Flags |
---|---|---|---|---|---|---|
r-devel-linux-x86_64-debian-clang | 1.7-1 | 585.93 | 127.88 | 713.81 | OK | |
r-devel-linux-x86_64-debian-gcc | 1.7-1 | 265.33 | 89.44 | 354.77 | OK | |
r-devel-linux-x86_64-fedora-clang | 1.7-1 | 1080.30 | OK | |||
r-devel-linux-x86_64-fedora-gcc | 1.7-1 | 1017.46 | OK | |||
r-devel-windows-x86_64 | 1.7-1 | 360.00 | 166.00 | 526.00 | OK | |
r-patched-linux-x86_64 | 1.7-1 | 378.57 | 121.62 | 500.19 | OK | |
r-release-linux-x86_64 | 1.7-1 | 376.96 | 120.56 | 497.52 | OK | |
r-release-macos-arm64 | 1.7-1 | 249.00 | OK | |||
r-release-macos-x86_64 | 1.7-1 | 301.00 | OK | |||
r-release-windows-x86_64 | 1.7-1 | 370.00 | 171.00 | 541.00 | OK | |
r-oldrel-macos-arm64 | 1.7-1 | 244.00 | NOTE | |||
r-oldrel-macos-x86_64 | 1.7-1 | 263.00 | NOTE | |||
r-oldrel-windows-x86_64 | 1.7-1 | 434.00 | 212.00 | 646.00 | OK |
Version: 1.7-1
Check: installed package size
Result: NOTE
installed size is 34.3Mb
sub-directories of 1Mb or more:
libs 33.2Mb
Flavors: r-oldrel-macos-arm64, r-oldrel-macos-x86_64