CRAN Package Check Results for Package MCMCpack

Last updated on 2025-06-30 18:49:45 CEST.

Flavor Version Tinstall Tcheck Ttotal Status Flags
r-devel-linux-x86_64-debian-clang 1.7-1 593.72 128.82 722.54 OK
r-devel-linux-x86_64-debian-gcc 1.7-1 267.75 91.35 359.10 OK
r-devel-linux-x86_64-fedora-clang 1.7-1 1075.11 OK
r-devel-linux-x86_64-fedora-gcc 1.7-1 904.10 OK
r-devel-windows-x86_64 1.7-1 366.00 172.00 538.00 OK
r-patched-linux-x86_64 OK
r-release-linux-x86_64 1.7-1 388.86 121.65 510.51 OK
r-release-macos-arm64 1.7-1 249.00 OK
r-release-macos-x86_64 1.7-1 301.00 OK
r-release-windows-x86_64 1.7-1 364.00 164.00 528.00 OK
r-oldrel-macos-arm64 1.7-1 244.00 NOTE
r-oldrel-macos-x86_64 1.7-1 263.00 NOTE
r-oldrel-windows-x86_64 1.7-1 441.00 210.00 651.00 OK

Check Details

Version: 1.7-1
Check: installed package size
Result: NOTE installed size is 34.3Mb sub-directories of 1Mb or more: libs 33.2Mb Flavors: r-oldrel-macos-arm64, r-oldrel-macos-x86_64