Last updated on 2025-05-13 08:50:16 CEST.
Flavor | Version | Tinstall | Tcheck | Ttotal | Status | Flags |
---|---|---|---|---|---|---|
r-devel-linux-x86_64-debian-clang | 0.1.0 | 17.59 | 141.52 | 159.11 | NOTE | |
r-devel-linux-x86_64-debian-gcc | 0.1.0 | 11.75 | 89.98 | 101.73 | NOTE | |
r-devel-linux-x86_64-fedora-clang | 0.1.0 | 247.36 | OK | |||
r-devel-linux-x86_64-fedora-gcc | 0.1.0 | 233.69 | OK | |||
r-devel-windows-x86_64 | 0.1.0 | 19.00 | 142.00 | 161.00 | OK | |
r-patched-linux-x86_64 | 0.1.0 | 15.84 | 131.43 | 147.27 | OK | |
r-release-linux-x86_64 | 0.1.0 | 15.95 | 130.26 | 146.21 | OK | |
r-release-macos-arm64 | 0.1.0 | 87.00 | OK | |||
r-release-macos-x86_64 | 0.1.0 | 119.00 | OK | |||
r-release-windows-x86_64 | 0.1.0 | 19.00 | 142.00 | 161.00 | OK | |
r-oldrel-macos-arm64 | 0.1.0 | 61.00 | OK | |||
r-oldrel-macos-x86_64 | 0.1.0 | 119.00 | OK | |||
r-oldrel-windows-x86_64 | 0.1.0 | 24.00 | 185.00 | 209.00 | OK |
Version: 0.1.0
Check: CRAN incoming feasibility
Result: NOTE
Maintainer: ‘David Palma <d.palma@leeds.ac.uk>’
No Authors@R field in DESCRIPTION.
Please add one, modifying
Authors@R: c(person(given = "Patrick",
family = "Meyer",
role = "aut"),
person(given = "Sébastien",
family = "Bigaret",
role = "aut"),
person(given = "Richard",
family = "Hodgett",
role = "aut"),
person(given = "Alexandru-Liviu",
family = "Olteanu",
role = "aut"),
person(given = "David",
family = "Palma",
role = c("aut", "cre"),
email = "d.palma@leeds.ac.uk"),
person(given = c("Aritad", "Alan"),
family = "Choicharoon",
role = "aut"))
as necessary.
Flavors: r-devel-linux-x86_64-debian-clang, r-devel-linux-x86_64-debian-gcc