Last updated on 2025-02-05 17:50:00 CET.
Flavor | Version | Tinstall | Tcheck | Ttotal | Status | Flags |
---|---|---|---|---|---|---|
r-devel-linux-x86_64-debian-clang | 3.11.9 | 20.95 | 242.36 | 263.31 | NOTE | |
r-devel-linux-x86_64-debian-gcc | 3.11.9 | 13.13 | 159.37 | 172.50 | NOTE | |
r-devel-linux-x86_64-fedora-clang | 3.11.9 | 430.83 | OK | |||
r-devel-linux-x86_64-fedora-gcc | 3.11.9 | 409.90 | OK | |||
r-devel-windows-x86_64 | 3.11.9 | 20.00 | 289.00 | 309.00 | NOTE | |
r-patched-linux-x86_64 | 3.11.9 | 17.21 | 223.84 | 241.05 | NOTE | |
r-release-linux-x86_64 | 3.11.9 | 19.03 | 230.15 | 249.18 | NOTE | |
r-release-macos-arm64 | 3.11.9 | 105.00 | NOTE | |||
r-release-macos-x86_64 | 3.11.9 | 210.00 | NOTE | |||
r-release-windows-x86_64 | 3.11.9 | 21.00 | 287.00 | 308.00 | NOTE | |
r-oldrel-macos-arm64 | 3.11.9 | 120.00 | NOTE | |||
r-oldrel-macos-x86_64 | 3.11.9 | 311.00 | NOTE | |||
r-oldrel-windows-x86_64 | 3.11.9 | 25.00 | 348.00 | 373.00 | NOTE |
Version: 3.11.9
Check: Rd cross-references
Result: NOTE
Found the following Rd file(s) with Rd \link{} targets missing package
anchors:
MARSSFisherI.Rd: fdHess, nlme
Please provide package anchors for all Rd \link{} targets not in the
package itself and the base packages.
Flavors: r-devel-linux-x86_64-debian-clang, r-devel-linux-x86_64-debian-gcc, r-devel-windows-x86_64
Version: 3.11.9
Check: package dependencies
Result: NOTE
Package suggested but not available for checking: ‘marssTMB’
Flavors: r-patched-linux-x86_64, r-release-linux-x86_64, r-release-macos-arm64, r-release-macos-x86_64, r-release-windows-x86_64, r-oldrel-macos-arm64, r-oldrel-macos-x86_64, r-oldrel-windows-x86_64