Last updated on 2025-02-10 17:49:14 CET.
Flavor | Version | Tinstall | Tcheck | Ttotal | Status | Flags |
---|---|---|---|---|---|---|
r-devel-linux-x86_64-debian-clang | 0.1.0 | 1.48 | 24.15 | 25.63 | OK | |
r-devel-linux-x86_64-debian-gcc | 0.1.0 | 1.38 | 19.10 | 20.48 | OK | |
r-devel-linux-x86_64-fedora-clang | 0.1.0 | 43.19 | NOTE | |||
r-devel-linux-x86_64-fedora-gcc | 0.1.0 | 40.80 | NOTE | |||
r-devel-windows-x86_64 | 0.1.0 | 2.00 | 49.00 | 51.00 | OK | |
r-patched-linux-x86_64 | 0.1.0 | 1.28 | 22.97 | 24.25 | OK | |
r-release-linux-x86_64 | 0.1.0 | 1.48 | 22.91 | 24.39 | OK | |
r-release-macos-arm64 | 0.1.0 | 17.00 | OK | |||
r-release-macos-x86_64 | 0.1.0 | 31.00 | OK | |||
r-release-windows-x86_64 | 0.1.0 | 2.00 | 55.00 | 57.00 | OK | |
r-oldrel-macos-arm64 | 0.1.0 | 19.00 | OK | |||
r-oldrel-macos-x86_64 | 0.1.0 | 26.00 | OK | |||
r-oldrel-windows-x86_64 | 0.1.0 | 4.00 | 50.00 | 54.00 | OK |
Version: 0.1.0
Check: dependencies in R code
Result: NOTE
Namespace in Imports field not imported from: ‘base’
All declared Imports should be used.
Flavors: r-devel-linux-x86_64-fedora-clang, r-devel-linux-x86_64-fedora-gcc