Last updated on 2025-02-05 17:49:59 CET.
Flavor | Version | Tinstall | Tcheck | Ttotal | Status | Flags |
---|---|---|---|---|---|---|
r-devel-linux-x86_64-debian-clang | 0.1.1 | 11.64 | 145.50 | 157.14 | OK | |
r-devel-linux-x86_64-debian-gcc | 0.1.1 | 8.78 | 102.20 | 110.98 | OK | |
r-devel-linux-x86_64-fedora-clang | 0.1.1 | 253.74 | OK | |||
r-devel-linux-x86_64-fedora-gcc | 0.1.1 | 251.55 | OK | |||
r-devel-windows-x86_64 | 0.1.1 | 12.00 | 137.00 | 149.00 | OK | |
r-patched-linux-x86_64 | 0.1.1 | 11.82 | 135.11 | 146.93 | NOTE | |
r-release-linux-x86_64 | 0.1.1 | 11.95 | 136.38 | 148.33 | NOTE | |
r-release-macos-arm64 | 0.1.1 | 68.00 | NOTE | |||
r-release-macos-x86_64 | 0.1.1 | 110.00 | NOTE | |||
r-release-windows-x86_64 | 0.1.1 | 13.00 | 136.00 | 149.00 | NOTE | |
r-oldrel-macos-arm64 | 0.1.1 | 70.00 | NOTE | |||
r-oldrel-macos-x86_64 | 0.1.1 | 133.00 | NOTE | |||
r-oldrel-windows-x86_64 | 0.1.1 | 14.00 | 177.00 | 191.00 | NOTE |
Version: 0.1.1
Check: LazyData
Result: NOTE
'LazyData' is specified without a 'data' directory
Flavors: r-patched-linux-x86_64, r-release-linux-x86_64, r-release-macos-arm64, r-release-macos-x86_64, r-release-windows-x86_64, r-oldrel-macos-arm64, r-oldrel-macos-x86_64, r-oldrel-windows-x86_64