CRAN Package Check Results for Package LocaTT

Last updated on 2025-02-05 17:49:59 CET.

Flavor Version Tinstall Tcheck Ttotal Status Flags
r-devel-linux-x86_64-debian-clang 1.1.2 2.75 22.93 25.68 OK
r-devel-linux-x86_64-debian-gcc 1.1.2 1.78 17.52 19.30 OK
r-devel-linux-x86_64-fedora-clang 1.1.2 44.61 OK
r-devel-linux-x86_64-fedora-gcc 1.1.2 42.05 OK
r-devel-windows-x86_64 1.1.2 4.00 56.00 60.00 OK
r-patched-linux-x86_64 1.1.2 3.20 21.93 25.13 NOTE
r-release-linux-x86_64 1.1.2 2.97 21.88 24.85 NOTE
r-release-macos-arm64 1.1.2 18.00 OK
r-release-macos-x86_64 1.1.2 39.00 OK
r-release-windows-x86_64 1.1.2 5.00 50.00 55.00 OK
r-oldrel-macos-arm64 1.1.2 23.00 OK
r-oldrel-macos-x86_64 1.1.2 35.00 OK
r-oldrel-windows-x86_64 1.1.2 5.00 52.00 57.00 OK

Check Details

Version: 1.1.2
Check: package dependencies
Result: NOTE Package suggested but not available for checking: ‘taxize’ Flavors: r-patched-linux-x86_64, r-release-linux-x86_64