Last updated on 2025-02-10 17:49:14 CET.
Flavor | Version | Tinstall | Tcheck | Ttotal | Status | Flags |
---|---|---|---|---|---|---|
r-devel-linux-x86_64-debian-clang | 1.7 | 5.10 | 29.35 | 34.45 | NOTE | |
r-devel-linux-x86_64-debian-gcc | 1.7 | 4.18 | 23.70 | 27.88 | NOTE | |
r-devel-linux-x86_64-fedora-clang | 1.7 | 56.25 | NOTE | |||
r-devel-linux-x86_64-fedora-gcc | 1.7 | 52.82 | NOTE | |||
r-devel-windows-x86_64 | 1.7 | 10.00 | 61.00 | 71.00 | NOTE | |
r-patched-linux-x86_64 | 1.7 | 5.39 | 27.65 | 33.04 | NOTE | |
r-release-linux-x86_64 | 1.7 | 5.15 | 27.60 | 32.75 | NOTE | |
r-release-macos-arm64 | 1.7 | 24.00 | NOTE | |||
r-release-macos-x86_64 | 1.7 | 30.00 | NOTE | |||
r-release-windows-x86_64 | 1.7 | 10.00 | 61.00 | 71.00 | NOTE | |
r-oldrel-macos-arm64 | 1.7 | 26.00 | NOTE | |||
r-oldrel-macos-x86_64 | 1.7 | 33.00 | NOTE | |||
r-oldrel-windows-x86_64 | 1.7 | 9.00 | 68.00 | 77.00 | NOTE |
Version: 1.7
Check: Rd files
Result: NOTE
checkRd: (-1) isingdata.Rd:14: Lost braces; missing escapes or markup?
14 | \item{X}{a 5000-by-100 matrix, each entry is in {-1,1}.}
| ^
checkRd: (-1) predict.lb.Rd:16: Escaped LaTeX specials: \$
Flavors: r-devel-linux-x86_64-debian-clang, r-devel-linux-x86_64-debian-gcc, r-devel-linux-x86_64-fedora-clang, r-devel-linux-x86_64-fedora-gcc, r-devel-windows-x86_64, r-patched-linux-x86_64, r-release-linux-x86_64, r-release-macos-arm64, r-release-macos-x86_64, r-release-windows-x86_64
Version: 1.7
Check: Rd files
Result: NOTE
checkRd: (-1) predict.lb.Rd:16: Escaped LaTeX specials: \$
Flavors: r-oldrel-macos-arm64, r-oldrel-macos-x86_64, r-oldrel-windows-x86_64