Last updated on 2024-08-16 06:50:04 CEST.
Flavor | Version | Tinstall | Tcheck | Ttotal | Status | Flags |
---|---|---|---|---|---|---|
r-devel-linux-x86_64-debian-clang | 3.1.2 | 31.82 | 232.23 | 264.05 | OK | |
r-devel-linux-x86_64-debian-gcc | 3.1.2 | 16.99 | 133.87 | 150.86 | OK | |
r-devel-linux-x86_64-fedora-clang | 3.1.2 | 425.03 | NOTE | |||
r-devel-linux-x86_64-fedora-gcc | 3.1.2 | 394.08 | OK | |||
r-devel-windows-x86_64 | 3.1.2 | 34.00 | 217.00 | 251.00 | OK | |
r-patched-linux-x86_64 | 3.1.2 | 29.55 | 204.55 | 234.10 | OK | |
r-release-linux-x86_64 | 3.1.2 | 28.48 | 208.88 | 237.36 | OK | |
r-release-macos-arm64 | 3.1.2 | 97.00 | OK | |||
r-release-macos-x86_64 | 3.1.2 | 215.00 | OK | |||
r-release-windows-x86_64 | 3.1.2 | 33.00 | 220.00 | 253.00 | OK | |
r-oldrel-macos-arm64 | 3.1.2 | 113.00 | OK | |||
r-oldrel-macos-x86_64 | 3.1.2 | 224.00 | OK | |||
r-oldrel-windows-x86_64 | 3.1.2 | 42.00 | 272.00 | 314.00 | OK |
Version: 3.1.2
Check: installed package size
Result: NOTE
installed size is 7.2Mb
sub-directories of 1Mb or more:
libs 5.5Mb
Flavor: r-devel-linux-x86_64-fedora-clang