CRAN Package Check Results for Package LMMstar

Last updated on 2025-06-30 18:49:44 CEST.

Flavor Version Tinstall Tcheck Ttotal Status Flags
r-devel-linux-x86_64-debian-clang 1.1.0 43.89 394.56 438.45 OK
r-devel-linux-x86_64-debian-gcc 1.1.0 25.67 244.05 269.72 OK
r-devel-linux-x86_64-fedora-clang 1.1.0 724.63 OK
r-devel-linux-x86_64-fedora-gcc 1.1.0 661.22 OK
r-devel-windows-x86_64 1.1.0 42.00 339.00 381.00 OK
r-patched-linux-x86_64 OK
r-release-linux-x86_64 1.1.0 36.36 369.16 405.52 OK
r-release-macos-arm64 1.1.0 191.00 OK
r-release-macos-x86_64 1.1.0 350.00 OK
r-release-windows-x86_64 1.1.0 40.00 340.00 380.00 OK
r-oldrel-macos-arm64 1.1.0 153.00 NOTE
r-oldrel-macos-x86_64 1.1.0 275.00 NOTE
r-oldrel-windows-x86_64 1.1.0 58.00 493.00 551.00 NOTE

Check Details

Version: 1.1.0
Check: installed package size
Result: NOTE installed size is 7.0Mb sub-directories of 1Mb or more: R 2.1Mb doc-overview 2.2Mb Flavors: r-oldrel-macos-arm64, r-oldrel-macos-x86_64, r-oldrel-windows-x86_64