Last updated on 2025-02-05 17:49:59 CET.
Flavor | Version | Tinstall | Tcheck | Ttotal | Status | Flags |
---|---|---|---|---|---|---|
r-devel-linux-x86_64-debian-clang | 1.1.5 | 3.43 | 41.17 | 44.60 | NOTE | |
r-devel-linux-x86_64-debian-gcc | 1.1.5 | 2.30 | 28.76 | 31.06 | NOTE | |
r-devel-linux-x86_64-fedora-clang | 1.1.5 | 71.63 | OK | |||
r-devel-linux-x86_64-fedora-gcc | 1.1.5 | 66.62 | OK | |||
r-devel-windows-x86_64 | 1.1.5 | 4.00 | 67.00 | 71.00 | NOTE | |
r-patched-linux-x86_64 | 1.1.5 | 3.25 | 38.24 | 41.49 | OK | |
r-release-linux-x86_64 | 1.1.5 | 2.85 | 38.40 | 41.25 | OK | |
r-release-macos-arm64 | 1.1.5 | 22.00 | OK | |||
r-release-macos-x86_64 | 1.1.5 | 35.00 | OK | |||
r-release-windows-x86_64 | 1.1.5 | 5.00 | 64.00 | 69.00 | OK | |
r-oldrel-macos-arm64 | 1.1.5 | 28.00 | OK | |||
r-oldrel-macos-x86_64 | 1.1.5 | 66.00 | OK | |||
r-oldrel-windows-x86_64 | 1.1.5 | 4.00 | 71.00 | 75.00 | OK |
Version: 1.1.5
Check: Rd cross-references
Result: NOTE
Found the following Rd file(s) with Rd \link{} targets missing package
anchors:
VARselect.Rd: lm.ridge
Please provide package anchors for all Rd \link{} targets not in the
package itself and the base packages.
Flavors: r-devel-linux-x86_64-debian-clang, r-devel-linux-x86_64-debian-gcc, r-devel-windows-x86_64