Last updated on 2025-11-26 05:51:40 CET.
| Flavor | Version | Tinstall | Tcheck | Ttotal | Status | Flags |
|---|---|---|---|---|---|---|
| r-devel-linux-x86_64-debian-clang | 0.2.1 | 6.13 | 68.33 | 74.46 | OK | |
| r-devel-linux-x86_64-debian-gcc | 0.2.1 | 4.45 | 50.70 | 55.15 | OK | |
| r-devel-linux-x86_64-fedora-clang | 0.2.1 | 15.00 | 100.27 | 115.27 | NOTE | |
| r-devel-linux-x86_64-fedora-gcc | 0.2.1 | 28.00 | 102.78 | 130.78 | NOTE | |
| r-devel-windows-x86_64 | 0.2.1 | 11.00 | 79.00 | 90.00 | OK | |
| r-patched-linux-x86_64 | 0.2.1 | 6.41 | 63.64 | 70.05 | OK | |
| r-release-linux-x86_64 | 0.2.1 | 5.15 | 63.17 | 68.32 | OK | |
| r-release-macos-arm64 | 0.2.1 | OK | ||||
| r-release-macos-x86_64 | 0.2.1 | 4.00 | 75.00 | 79.00 | OK | |
| r-release-windows-x86_64 | 0.2.1 | 8.00 | 80.00 | 88.00 | OK | |
| r-oldrel-macos-arm64 | 0.2.1 | OK | ||||
| r-oldrel-macos-x86_64 | 0.2.1 | 4.00 | 50.00 | 54.00 | OK | |
| r-oldrel-windows-x86_64 | 0.2.1 | 11.00 | 103.00 | 114.00 | OK |
Version: 0.2.1
Check: dependencies in R code
Result: NOTE
Namespaces in Imports field not imported from:
‘dplyr’ ‘tibble’
All declared Imports should be used.
Flavors: r-devel-linux-x86_64-fedora-clang, r-devel-linux-x86_64-fedora-gcc