CRAN Package Check Results for Package KCSKNNShiny

Last updated on 2025-11-26 05:51:40 CET.

Flavor Version Tinstall Tcheck Ttotal Status Flags
r-devel-linux-x86_64-debian-clang 0.1.0 16.31 119.06 135.37 NOTE
r-devel-linux-x86_64-debian-gcc 0.1.0 12.81 84.89 97.70 NOTE
r-devel-linux-x86_64-fedora-clang 0.1.0 39.00 165.42 204.42 OK
r-devel-linux-x86_64-fedora-gcc 0.1.0 62.00 140.90 202.90 OK
r-devel-windows-x86_64 0.1.0 20.00 111.00 131.00 OK
r-patched-linux-x86_64 0.1.0 13.81 109.32 123.13 OK
r-release-linux-x86_64 0.1.0 15.54 110.56 126.10 OK
r-release-macos-arm64 0.1.0 OK
r-release-macos-x86_64 0.1.0 10.00 79.00 89.00 OK
r-release-windows-x86_64 0.1.0 17.00 127.00 144.00 OK
r-oldrel-macos-arm64 0.1.0 NOTE
r-oldrel-macos-x86_64 0.1.0 9.00 70.00 79.00 NOTE
r-oldrel-windows-x86_64 0.1.0 22.00 148.00 170.00 NOTE

Check Details

Version: 0.1.0
Check: CRAN incoming feasibility
Result: NOTE Maintainer: ‘Karne Chaithanya Sai <karnechaithanyasai@gmail.com>’ No Authors@R field in DESCRIPTION. Please add one, modifying Authors@R: person(given = c("Karne", "Chaithanya"), family = "Sai", role = c("aut", "cre"), email = "karnechaithanyasai@gmail.com") as necessary. Flavors: r-devel-linux-x86_64-debian-clang, r-devel-linux-x86_64-debian-gcc

Version: 0.1.0
Check: LazyData
Result: NOTE 'LazyData' is specified without a 'data' directory Flavors: r-oldrel-macos-arm64, r-oldrel-macos-x86_64, r-oldrel-windows-x86_64