Last updated on 2025-02-05 17:49:59 CET.
Flavor | Version | Tinstall | Tcheck | Ttotal | Status | Flags |
---|---|---|---|---|---|---|
r-devel-linux-x86_64-debian-clang | 0.10.2 | 3.28 | 38.22 | 41.50 | OK | |
r-devel-linux-x86_64-debian-gcc | 0.10.2 | 2.25 | 29.85 | 32.10 | OK | |
r-devel-linux-x86_64-fedora-clang | 0.10.2 | 69.56 | NOTE | |||
r-devel-linux-x86_64-fedora-gcc | 0.10.2 | 78.88 | NOTE | |||
r-devel-windows-x86_64 | 0.10.2 | 6.00 | 61.00 | 67.00 | OK | |
r-patched-linux-x86_64 | 0.10.2 | 3.01 | 36.24 | 39.25 | OK | |
r-release-linux-x86_64 | 0.10.2 | 3.57 | 36.30 | 39.87 | OK | |
r-release-macos-arm64 | 0.10.2 | 31.00 | NOTE | |||
r-release-macos-x86_64 | 0.10.2 | 61.00 | NOTE | |||
r-release-windows-x86_64 | 0.10.2 | 6.00 | 61.00 | 67.00 | NOTE | |
r-oldrel-macos-arm64 | 0.10.2 | 49.00 | NOTE | |||
r-oldrel-macos-x86_64 | 0.10.2 | 64.00 | NOTE | |||
r-oldrel-windows-x86_64 | 0.10.2 | 6.00 | 65.00 | 71.00 | NOTE |
Version: 0.10.2
Check: dependencies in R code
Result: NOTE
Namespace in Imports field not imported from: ‘ids’
All declared Imports should be used.
Flavors: r-devel-linux-x86_64-fedora-clang, r-devel-linux-x86_64-fedora-gcc
Version: 0.10.2
Check: installed package size
Result: NOTE
installed size is 6.1Mb
sub-directories of 1Mb or more:
htmlwidgets 5.7Mb
Flavors: r-release-macos-arm64, r-release-macos-x86_64, r-release-windows-x86_64, r-oldrel-macos-arm64, r-oldrel-macos-x86_64, r-oldrel-windows-x86_64