Last updated on 2025-06-30 18:49:43 CEST.
Flavor | Version | Tinstall | Tcheck | Ttotal | Status | Flags |
---|---|---|---|---|---|---|
r-devel-linux-x86_64-debian-clang | 1.1.0 | 158.06 | 156.61 | 314.67 | OK | |
r-devel-linux-x86_64-debian-gcc | 1.1.0 | 110.72 | 110.11 | 220.83 | OK | |
r-devel-linux-x86_64-fedora-clang | 1.1.0 | 552.51 | OK | |||
r-devel-linux-x86_64-fedora-gcc | 1.1.0 | 519.31 | OK | |||
r-devel-windows-x86_64 | 1.1.0 | 174.00 | 170.00 | 344.00 | OK | |
r-patched-linux-x86_64 | OK | |||||
r-release-linux-x86_64 | 1.1.0 | 153.15 | 139.90 | 293.05 | OK | |
r-release-macos-arm64 | 1.1.0 | 122.00 | OK | |||
r-release-macos-x86_64 | 1.1.0 | 183.00 | OK | |||
r-release-windows-x86_64 | 1.1.0 | 170.00 | 184.00 | 354.00 | OK | |
r-oldrel-macos-arm64 | 1.1.0 | 127.00 | NOTE | |||
r-oldrel-macos-x86_64 | 1.1.0 | 188.00 | NOTE | |||
r-oldrel-windows-x86_64 | 1.1.0 | 205.00 | 205.00 | 410.00 | OK |
Version: 1.1.0
Check: installed package size
Result: NOTE
installed size is 9.0Mb
sub-directories of 1Mb or more:
libs 8.7Mb
Flavors: r-oldrel-macos-arm64, r-oldrel-macos-x86_64