CRAN Package Check Results for Package JAGStree

Last updated on 2025-06-30 18:49:43 CEST.

Flavor Version Tinstall Tcheck Ttotal Status Flags
r-devel-linux-x86_64-debian-clang 1.0.1 4.88 49.27 54.15 OK
r-devel-linux-x86_64-debian-gcc 1.0.1 3.97 37.16 41.13 OK
r-devel-linux-x86_64-fedora-clang 1.0.1 85.63 NOTE
r-devel-linux-x86_64-fedora-gcc 1.0.1 92.99 NOTE
r-devel-windows-x86_64 1.0.1 8.00 67.00 75.00 OK
r-patched-linux-x86_64 OK
r-release-linux-x86_64 1.0.1 5.22 45.60 50.82 OK
r-release-macos-arm64 1.0.1 36.00 OK
r-release-macos-x86_64 1.0.1 66.00 OK
r-release-windows-x86_64 1.0.1 7.00 70.00 77.00 OK
r-oldrel-macos-arm64 1.0.1 43.00 OK
r-oldrel-macos-x86_64 1.0.1 60.00 OK
r-oldrel-windows-x86_64 1.0.1 10.00 78.00 88.00 OK

Check Details

Version: 1.0.1
Check: dependencies in R code
Result: NOTE Namespace in Imports field not imported from: ‘DiagrammeR’ All declared Imports should be used. Flavors: r-devel-linux-x86_64-fedora-clang, r-devel-linux-x86_64-fedora-gcc